CRAN Package Check Results for Package TSF

Last updated on 2025-10-22 09:50:57 CEST.

Flavor Version Tinstall Tcheck Ttotal Status Flags
r-devel-linux-x86_64-debian-clang 0.1.1 7.33 78.15 85.48 NOTE
r-devel-linux-x86_64-debian-gcc 0.1.1 5.54 55.00 60.54 NOTE
r-devel-linux-x86_64-fedora-clang 0.1.1 17.00 120.27 137.27 OK
r-devel-linux-x86_64-fedora-gcc 0.1.1 16.00 109.37 125.37 OK
r-devel-windows-x86_64 0.1.1 10.00 154.00 164.00 OK
r-patched-linux-x86_64 0.1.1 6.78 73.32 80.10 OK
r-release-linux-x86_64 0.1.1 6.19 74.56 80.75 OK
r-release-macos-arm64 0.1.1 3.00 31.00 34.00 OK
r-release-macos-x86_64 0.1.1 6.00 58.00 64.00 OK
r-release-windows-x86_64 0.1.1 11.00 89.00 100.00 OK
r-oldrel-macos-arm64 0.1.1 3.00 31.00 34.00 NOTE
r-oldrel-macos-x86_64 0.1.1 5.00 49.00 54.00 NOTE
r-oldrel-windows-x86_64 0.1.1 12.00 110.00 122.00 NOTE

Check Details

Version: 0.1.1
Check: CRAN incoming feasibility
Result: NOTE Maintainer: ‘Dr. Ranjit Kumar Paul <ranjitstat@gmail.com>’ No Authors@R field in DESCRIPTION. Please add one, modifying Authors@R: c(person(given = "Sandipan", family = "Samanta", role = "aut"), person(given = c("Ranjit", "Kumar"), family = "Paul", role = "aut"), person(given = "Dipankar", family = "Mitra", role = "aut"), person(given = c("Dr.", "Ranjit", "Kumar"), family = "Paul", role = "cre", email = "ranjitstat@gmail.com")) as necessary. Flavors: r-devel-linux-x86_64-debian-clang, r-devel-linux-x86_64-debian-gcc

Version: 0.1.1
Check: LazyData
Result: NOTE 'LazyData' is specified without a 'data' directory Flavors: r-oldrel-macos-arm64, r-oldrel-macos-x86_64, r-oldrel-windows-x86_64