CRAN Package Check Results for Package TSdisaggregation

Last updated on 2025-07-03 09:50:56 CEST.

Flavor Version Tinstall Tcheck Ttotal Status Flags
r-devel-linux-x86_64-debian-clang 2.0.0 6.37 55.63 62.00 NOTE
r-devel-linux-x86_64-debian-gcc 2.0.0 5.04 43.19 48.23 NOTE
r-devel-linux-x86_64-fedora-clang 2.0.0 97.81 NOTE
r-devel-linux-x86_64-fedora-gcc 2.0.0 91.20 NOTE
r-devel-windows-x86_64 2.0.0 8.00 66.00 74.00 NOTE
r-patched-linux-x86_64 2.0.0 7.04 52.66 59.70 NOTE
r-release-linux-x86_64 2.0.0 5.82 52.14 57.96 NOTE
r-release-macos-arm64 2.0.0 31.00 NOTE
r-release-macos-x86_64 2.0.0 54.00 NOTE
r-release-windows-x86_64 2.0.0 8.00 68.00 76.00 NOTE
r-oldrel-macos-arm64 2.0.0 29.00 NOTE
r-oldrel-macos-x86_64 2.0.0 43.00 NOTE
r-oldrel-windows-x86_64 2.0.0 9.00 81.00 90.00 NOTE

Check Details

Version: 2.0.0
Check: CRAN incoming feasibility
Result: NOTE Maintainer: ‘Luke Mosley <l.mosley@lancaster.ac.uk>’ The Description field contains <arXiv:2108.05783> for disaggregating low-frequency series in the Please refer to arXiv e-prints via their arXiv DOI <doi:10.48550/arXiv.YYMM.NNNNN>. Flavors: r-devel-linux-x86_64-debian-clang, r-devel-linux-x86_64-debian-gcc

Version: 2.0.0
Check: Rd files
Result: NOTE checkRd: (-1) TempDisaggDGP.Rd:79: Escaped LaTeX specials: \& checkRd: (-1) disaggregate.Rd:56: Escaped LaTeX specials: \& Flavors: r-devel-linux-x86_64-debian-clang, r-devel-linux-x86_64-debian-gcc, r-devel-linux-x86_64-fedora-clang, r-devel-linux-x86_64-fedora-gcc, r-devel-windows-x86_64, r-patched-linux-x86_64, r-release-linux-x86_64, r-release-macos-arm64, r-release-macos-x86_64, r-release-windows-x86_64, r-oldrel-macos-arm64, r-oldrel-macos-x86_64, r-oldrel-windows-x86_64