CRAN Package Check Results for Package Table1Heatmap

Last updated on 2025-10-22 09:50:54 CEST.

Flavor Version Tinstall Tcheck Ttotal Status Flags
r-devel-linux-x86_64-debian-clang 1.2 1.70 18.44 20.14 NOTE
r-devel-linux-x86_64-debian-gcc 1.2 1.53 15.34 16.87 NOTE
r-devel-linux-x86_64-fedora-clang 1.2 30.32 OK
r-devel-linux-x86_64-fedora-gcc 1.2 28.89 OK
r-devel-windows-x86_64 1.2 3.00 38.00 41.00 OK
r-patched-linux-x86_64 1.2 1.69 17.67 19.36 OK
r-release-linux-x86_64 1.2 1.76 17.37 19.13 OK
r-release-macos-arm64 1.2 1.00 14.00 15.00 OK
r-release-macos-x86_64 1.2 2.00 20.00 22.00 OK
r-release-windows-x86_64 1.2 5.00 40.00 45.00 OK
r-oldrel-macos-arm64 1.2 1.00 14.00 15.00 OK
r-oldrel-macos-x86_64 1.2 1.00 18.00 19.00 OK
r-oldrel-windows-x86_64 1.2 3.00 39.00 42.00 OK

Check Details

Version: 1.2
Check: CRAN incoming feasibility
Result: NOTE Maintainer: ‘Philip C Schouten <philip.schouten@gmail.com>’ No Authors@R field in DESCRIPTION. Please add one, modifying Authors@R: person(given = c("Philip", "C"), family = "Schouten", role = c("aut", "cre"), email = "philip.schouten@gmail.com") as necessary. Flavors: r-devel-linux-x86_64-debian-clang, r-devel-linux-x86_64-debian-gcc