CRAN Package Check Results for Package Ternary

Last updated on 2025-10-22 09:50:54 CEST.

Flavor Version Tinstall Tcheck Ttotal Status Flags
r-devel-linux-x86_64-debian-clang 2.3.5 7.22 134.57 141.79 NOTE
r-devel-linux-x86_64-debian-gcc 2.3.5 4.80 101.94 106.74 NOTE
r-devel-linux-x86_64-fedora-clang 2.3.5 15.00 176.50 191.50 OK
r-devel-linux-x86_64-fedora-gcc 2.3.5 14.00 184.27 198.27 OK
r-devel-windows-x86_64 2.3.5 9.00 139.00 148.00 OK
r-patched-linux-x86_64 2.3.5 7.43 126.48 133.91 OK
r-release-linux-x86_64 2.3.5 6.74 128.27 135.01 OK
r-release-macos-arm64 2.3.5 3.00 55.00 58.00 OK
r-release-macos-x86_64 2.3.5 6.00 97.00 103.00 OK
r-release-windows-x86_64 2.3.5 9.00 143.00 152.00 OK
r-oldrel-macos-arm64 2.3.5 3.00 58.00 61.00 NOTE
r-oldrel-macos-x86_64 2.3.5 6.00 101.00 107.00 NOTE
r-oldrel-windows-x86_64 2.3.5 13.00 337.00 350.00 NOTE

Check Details

Version: 2.3.5
Check: HTML version of manual
Result: NOTE Found the following HTML validation problems: Polygon-Geometry.html:52:1 (Polygon-Geometry.Rd:20): Warning: missing </ul> before </div> Flavors: r-devel-linux-x86_64-debian-clang, r-devel-linux-x86_64-debian-gcc

Version: 2.3.5
Check: installed package size
Result: NOTE installed size is 6.4Mb sub-directories of 1Mb or more: doc 5.4Mb Flavors: r-oldrel-macos-arm64, r-oldrel-macos-x86_64, r-oldrel-windows-x86_64