Last updated on 2025-07-04 09:50:07 CEST.
Flavor | Version | Tinstall | Tcheck | Ttotal | Status | Flags |
---|---|---|---|---|---|---|
r-devel-linux-x86_64-debian-clang | 1.2.1 | 10.89 | 247.43 | 258.32 | NOTE | |
r-devel-linux-x86_64-debian-gcc | 1.2.1 | 6.46 | 169.58 | 176.04 | NOTE | |
r-devel-linux-x86_64-fedora-clang | 1.2.1 | 388.07 | NOTE | |||
r-devel-linux-x86_64-fedora-gcc | 1.2.1 | 382.46 | NOTE | |||
r-devel-windows-x86_64 | 1.2.1 | 13.00 | 347.00 | 360.00 | NOTE | |
r-patched-linux-x86_64 | 1.2.1 | 12.09 | 229.82 | 241.91 | NOTE | |
r-release-linux-x86_64 | 1.2.1 | 10.80 | 227.91 | 238.71 | NOTE | |
r-release-macos-arm64 | 1.2.1 | 126.00 | NOTE | |||
r-release-macos-x86_64 | 1.2.1 | 259.00 | NOTE | |||
r-release-windows-x86_64 | 1.2.1 | 13.00 | 239.00 | 252.00 | NOTE | |
r-oldrel-macos-arm64 | 1.2.1 | 120.00 | OK | |||
r-oldrel-macos-x86_64 | 1.2.1 | 304.00 | OK | |||
r-oldrel-windows-x86_64 | 1.2.1 | 18.00 | 319.00 | 337.00 | OK |
Version: 1.2.1
Check: DESCRIPTION meta-information
Result: NOTE
Missing dependency on R >= 4.1.0 because package code uses the pipe
|> or function shorthand \(...) syntax added in R 4.1.0.
File(s) using such syntax:
‘replace_leading_whitespace.R’
Flavors: r-devel-linux-x86_64-debian-clang, r-devel-linux-x86_64-debian-gcc, r-devel-linux-x86_64-fedora-clang, r-devel-linux-x86_64-fedora-gcc, r-devel-windows-x86_64, r-patched-linux-x86_64, r-release-linux-x86_64, r-release-macos-arm64, r-release-macos-x86_64, r-release-windows-x86_64