CRAN Package Check Results for Package TransModel

Last updated on 2025-10-22 09:50:56 CEST.

Flavor Version Tinstall Tcheck Ttotal Status Flags
r-devel-linux-x86_64-debian-clang 2.3 6.48 56.89 63.37 NOTE
r-devel-linux-x86_64-debian-gcc 2.3 4.91 42.39 47.30 NOTE
r-devel-linux-x86_64-fedora-clang 2.3 14.00 79.83 93.83 OK
r-devel-linux-x86_64-fedora-gcc 2.3 14.00 76.51 90.51 OK
r-devel-windows-x86_64 2.3 7.00 66.00 73.00 OK
r-patched-linux-x86_64 2.3 5.61 55.09 60.70 OK
r-release-linux-x86_64 2.3 6.59 53.89 60.48 OK
r-release-macos-arm64 2.3 3.00 31.00 34.00 OK
r-release-macos-x86_64 2.3 9.00 58.00 67.00 OK
r-release-windows-x86_64 2.3 8.00 68.00 76.00 OK
r-oldrel-macos-arm64 2.3 3.00 28.00 31.00 OK
r-oldrel-macos-x86_64 2.3 6.00 41.00 47.00 OK
r-oldrel-windows-x86_64 2.3 10.00 76.00 86.00 OK

Check Details

Version: 2.3
Check: CRAN incoming feasibility
Result: NOTE Maintainer: ‘Jie Zhou <zhoujie02569@gmail.com>’ No Authors@R field in DESCRIPTION. Please add one, modifying Authors@R: c(person(given = "Jie", family = "Zhou", role = c("aut", "cre"), email = "zhoujie02569@gmail.com"), person(given = "Jiajia", family = "Zhang", role = "aut"), person(given = "Wenbin", family = "Lu", role = "aut")) as necessary. Flavors: r-devel-linux-x86_64-debian-clang, r-devel-linux-x86_64-debian-gcc

Version: 2.3
Check: HTML version of manual
Result: NOTE Found the following HTML validation problems: TransModel.default.html:94:1 (TransModel.default.Rd:38): Warning: missing </ul> before </div> print.TransModel.html:58:1 (print.TransModel.Rd:19): Warning: missing </ul> before </div> print.summary.TransModel.html:57:1 (print.summary.TransModel.Rd:19): Warning: missing </ul> before </div> Flavors: r-devel-linux-x86_64-debian-clang, r-devel-linux-x86_64-debian-gcc