Last updated on 2025-10-21 09:48:52 CEST.
Flavor | Version | Tinstall | Tcheck | Ttotal | Status | Flags |
---|---|---|---|---|---|---|
r-devel-linux-x86_64-debian-clang | 2.2.0 | 16.99 | 128.36 | 145.35 | OK | |
r-devel-linux-x86_64-debian-gcc | 2.2.0 | 11.28 | 89.76 | 101.04 | NOTE | |
r-devel-linux-x86_64-fedora-clang | 2.2.0 | 222.55 | OK | |||
r-devel-linux-x86_64-fedora-gcc | 2.2.0 | 223.70 | OK | |||
r-devel-windows-x86_64 | 2.2.0 | 23.00 | 133.00 | 156.00 | OK | |
r-patched-linux-x86_64 | 2.2.0 | 16.82 | 114.40 | 131.22 | OK | |
r-release-linux-x86_64 | 2.2.0 | 14.43 | 114.73 | 129.16 | OK | |
r-release-macos-arm64 | 2.2.0 | 43.00 | OK | |||
r-release-macos-x86_64 | 2.2.0 | 77.00 | OK | |||
r-release-windows-x86_64 | 2.2.0 | 21.00 | 134.00 | 155.00 | OK | |
r-oldrel-macos-arm64 | 2.2.0 | 51.00 | NOTE | |||
r-oldrel-macos-x86_64 | 2.2.0 | 95.00 | NOTE | |||
r-oldrel-windows-x86_64 | 2.2.0 | 29.00 | 171.00 | 200.00 | NOTE |
Version: 2.2.0
Check: HTML version of manual
Result: NOTE
Found the following HTML validation problems:
calc_pw_mut_cnv.html:46:1 (calc_pw_mut_cnv.Rd:10): Warning: missing </ul> before </div>
vis_gene_cor.html:95:1 (vis_gene_cor.Rd:41): Warning: missing </ul> before </div>
vis_gene_cor_cancer.html:105:1 (vis_gene_cor_cancer.Rd:47): Warning: missing </ul> before </div>
Flavor: r-devel-linux-x86_64-debian-gcc
Version: 2.2.0
Check: installed package size
Result: NOTE
installed size is 8.7Mb
sub-directories of 1Mb or more:
data 1.1Mb
doc 1.3Mb
shinyapp 5.6Mb
Flavors: r-oldrel-macos-arm64, r-oldrel-macos-x86_64, r-oldrel-windows-x86_64