CRAN Package Check Results for Package USgrid

Last updated on 2025-07-03 09:50:56 CEST.

Flavor Version Tinstall Tcheck Ttotal Status Flags
r-devel-linux-x86_64-debian-clang 0.1.2 2.91 28.34 31.25 OK
r-devel-linux-x86_64-debian-gcc 0.1.2 2.11 23.10 25.21 OK
r-devel-linux-x86_64-fedora-clang 0.1.2 47.65 NOTE
r-devel-linux-x86_64-fedora-gcc 0.1.2 43.43 NOTE
r-devel-windows-x86_64 0.1.2 5.00 53.00 58.00 OK
r-patched-linux-x86_64 0.1.2 3.23 25.59 28.82 OK
r-release-linux-x86_64 0.1.2 3.09 24.97 28.06 OK
r-release-macos-arm64 0.1.2 20.00 OK
r-release-macos-x86_64 0.1.2 39.00 OK
r-release-windows-x86_64 0.1.2 5.00 50.00 55.00 OK
r-oldrel-macos-arm64 0.1.2 21.00 OK
r-oldrel-macos-x86_64 0.1.2 29.00 OK
r-oldrel-windows-x86_64 0.1.2 6.00 62.00 68.00 OK

Check Details

Version: 0.1.2
Check: dependencies in R code
Result: NOTE Namespace in Imports field not imported from: ‘tsibble’ All declared Imports should be used. Flavors: r-devel-linux-x86_64-fedora-clang, r-devel-linux-x86_64-fedora-gcc