CRAN Package Check Results for Package UncDecomp

Last updated on 2025-07-03 09:50:56 CEST.

Flavor Version Tinstall Tcheck Ttotal Status Flags
r-devel-linux-x86_64-debian-clang 1.0.1 5.75 49.92 55.67 OK
r-devel-linux-x86_64-debian-gcc 1.0.1 4.06 35.73 39.79 OK
r-devel-linux-x86_64-fedora-clang 1.0.1 88.31 NOTE
r-devel-linux-x86_64-fedora-gcc 1.0.1 81.16 NOTE
r-devel-windows-x86_64 1.0.1 8.00 64.00 72.00 OK
r-patched-linux-x86_64 1.0.1 6.29 45.07 51.36 OK
r-release-linux-x86_64 1.0.1 5.15 45.91 51.06 OK
r-release-macos-arm64 1.0.1 28.00 OK
r-release-macos-x86_64 1.0.1 42.00 OK
r-release-windows-x86_64 1.0.1 8.00 65.00 73.00 OK
r-oldrel-macos-arm64 1.0.1 22.00 NOTE
r-oldrel-macos-x86_64 1.0.1 37.00 NOTE
r-oldrel-windows-x86_64 1.0.1 10.00 93.00 103.00 NOTE

Check Details

Version: 1.0.1
Check: dependencies in R code
Result: NOTE Namespace in Imports field not imported from: ‘dplyr’ All declared Imports should be used. Flavors: r-devel-linux-x86_64-fedora-clang, r-devel-linux-x86_64-fedora-gcc

Version: 1.0.1
Check: LazyData
Result: NOTE 'LazyData' is specified without a 'data' directory Flavors: r-oldrel-macos-arm64, r-oldrel-macos-x86_64, r-oldrel-windows-x86_64