CRAN Package Check Results for Package VUROCS

Last updated on 2025-10-22 09:50:58 CEST.

Flavor Version Tinstall Tcheck Ttotal Status Flags
r-devel-linux-x86_64-debian-clang 1.0 55.79 27.87 83.66 WARN
r-devel-linux-x86_64-debian-gcc 1.0 30.79 22.36 53.15 WARN
r-devel-linux-x86_64-fedora-clang 1.0 113.00 55.14 168.14 NOTE
r-devel-linux-x86_64-fedora-gcc 1.0 74.00 59.30 133.30 NOTE
r-devel-windows-x86_64 1.0 64.00 61.00 125.00 NOTE
r-patched-linux-x86_64 1.0 51.57 26.54 78.11 NOTE
r-release-linux-x86_64 1.0 53.33 26.69 80.02 NOTE
r-release-macos-arm64 1.0 24.00 19.00 43.00 NOTE
r-release-macos-x86_64 1.0 25.00 28.00 53.00 NOTE
r-release-windows-x86_64 1.0 65.00 67.00 132.00 NOTE
r-oldrel-macos-arm64 1.0 19.00 18.00 37.00 NOTE
r-oldrel-macos-x86_64 1.0 18.00 23.00 41.00 NOTE
r-oldrel-windows-x86_64 1.0 77.00 77.00 154.00 NOTE

Check Details

Version: 1.0
Check: whether package can be installed
Result: WARN Found the following significant warnings: /home/hornik/tmp/R.check/r-devel-clang/Work/build/Packages/RcppArmadillo/include/RcppArmadillo/version/arma.h:66:17: warning: Using fallback compilation with Armadillo 14.6.3. Please consider defining -DARMA_USE_CURRENT and also removing C++11 compilation directive. See GitHub issue #475 for more. [-W#pragma-messages] See ‘/home/hornik/tmp/R.check/r-devel-clang/Work/PKGS/VUROCS.Rcheck/00install.out’ for details. * used C compiler: ‘Debian clang version 19.1.7 (7)’ * used C++ compiler: ‘Debian clang version 19.1.7 (7)’ Flavor: r-devel-linux-x86_64-debian-clang

Version: 1.0
Check: C++ specification
Result: NOTE Specified C++11: please drop specification unless essential Flavors: r-devel-linux-x86_64-debian-clang, r-devel-linux-x86_64-debian-gcc, r-devel-linux-x86_64-fedora-clang, r-devel-linux-x86_64-fedora-gcc, r-devel-windows-x86_64, r-patched-linux-x86_64, r-release-linux-x86_64, r-release-macos-arm64, r-release-macos-x86_64, r-release-windows-x86_64, r-oldrel-macos-arm64, r-oldrel-macos-x86_64, r-oldrel-windows-x86_64

Version: 1.0
Check: whether package can be installed
Result: WARN Found the following significant warnings: /home/hornik/tmp/R.check/r-devel-gcc/Work/build/Packages/RcppArmadillo/include/RcppArmadillo/version/arma.h:66:199: note: ‘#pragma message: Using fallback compilation with Armadillo 14.6.3. Please consider defining -DARMA_USE_CURRENT and also removing C++11 compilation directive. See GitHub issue #475 for more.’ See ‘/home/hornik/tmp/R.check/r-devel-gcc/Work/PKGS/VUROCS.Rcheck/00install.out’ for details. * used C compiler: ‘gcc-15 (Debian 15.2.0-4) 15.2.0’ * used C++ compiler: ‘g++-15 (Debian 15.2.0-4) 15.2.0’ Flavor: r-devel-linux-x86_64-debian-gcc