Last updated on 2025-07-04 09:50:08 CEST.
Flavor | Version | Tinstall | Tcheck | Ttotal | Status | Flags |
---|---|---|---|---|---|---|
r-devel-linux-x86_64-debian-clang | 0.1.5 | 4.59 | 42.02 | 46.61 | NOTE | |
r-devel-linux-x86_64-debian-gcc | 0.1.5 | 3.06 | 31.24 | 34.30 | NOTE | |
r-devel-linux-x86_64-fedora-clang | 0.1.5 | 71.04 | OK | |||
r-devel-linux-x86_64-fedora-gcc | 0.1.5 | 66.81 | OK | |||
r-devel-windows-x86_64 | 0.1.5 | 6.00 | 60.00 | 66.00 | OK | |
r-patched-linux-x86_64 | 0.1.5 | 4.96 | 38.98 | 43.94 | OK | |
r-release-linux-x86_64 | 0.1.5 | 3.89 | 38.96 | 42.85 | OK | |
r-release-macos-arm64 | 0.1.5 | 24.00 | OK | |||
r-release-macos-x86_64 | 0.1.5 | 43.00 | OK | |||
r-release-windows-x86_64 | 0.1.5 | 5.00 | 61.00 | 66.00 | OK | |
r-oldrel-macos-arm64 | 0.1.5 | 22.00 | OK | |||
r-oldrel-macos-x86_64 | 0.1.5 | 34.00 | OK | |||
r-oldrel-windows-x86_64 | 0.1.5 | 7.00 | 69.00 | 76.00 | OK |
Version: 0.1.5
Check: CRAN incoming feasibility
Result: NOTE
Maintainer: ‘Pavel V. Moskalev <moskalefff@gmail.com>’
No Authors@R field in DESCRIPTION.
Please add one, modifying
Authors@R: person(given = c("Pavel", "V."),
family = "Moskalev",
role = c("aut", "cre"),
email = "moskalefff@gmail.com")
as necessary.
Flavors: r-devel-linux-x86_64-debian-clang, r-devel-linux-x86_64-debian-gcc