Last updated on 2025-07-04 09:50:09 CEST.
Flavor | Version | Tinstall | Tcheck | Ttotal | Status | Flags |
---|---|---|---|---|---|---|
r-devel-linux-x86_64-debian-clang | 1.73 | 67.19 | 374.47 | 441.66 | OK | |
r-devel-linux-x86_64-debian-gcc | 1.73 | 44.21 | 250.30 | 294.51 | OK | |
r-devel-linux-x86_64-fedora-clang | 1.73 | 716.67 | OK | |||
r-devel-linux-x86_64-fedora-gcc | 1.73 | 725.89 | OK | |||
r-devel-windows-x86_64 | 1.73 | 65.00 | 401.00 | 466.00 | OK | |
r-patched-linux-x86_64 | 1.73 | 70.38 | 353.02 | 423.40 | OK | |
r-release-linux-x86_64 | 1.73 | 66.62 | 352.78 | 419.40 | OK | |
r-release-macos-arm64 | 1.73 | 162.00 | OK | |||
r-release-macos-x86_64 | 1.73 | 440.00 | OK | |||
r-release-windows-x86_64 | 1.73 | 64.00 | 394.00 | 458.00 | OK | |
r-oldrel-macos-arm64 | 1.73 | 136.00 | NOTE | |||
r-oldrel-macos-x86_64 | 1.73 | 338.00 | NOTE | |||
r-oldrel-windows-x86_64 | 1.73 | 91.00 | 559.00 | 650.00 | OK |
Version: 1.73
Check: package dependencies
Result: NOTE
Package suggested but not available for checking: ‘org.Mm.eg.db’
Flavor: r-oldrel-macos-arm64
Version: 1.73
Check: installed package size
Result: NOTE
installed size is 5.3Mb
sub-directories of 1Mb or more:
R 2.0Mb
libs 1.5Mb
Flavors: r-oldrel-macos-arm64, r-oldrel-macos-x86_64