CRAN Package Check Results for Package aTSA

Last updated on 2025-10-22 09:50:27 CEST.

Flavor Version Tinstall Tcheck Ttotal Status Flags
r-devel-linux-x86_64-debian-clang 3.1.2.1 3.84 30.67 34.51 NOTE
r-devel-linux-x86_64-debian-gcc 3.1.2.1 2.75 22.25 25.00 NOTE
r-devel-linux-x86_64-fedora-clang 3.1.2.1 11.00 39.39 50.39 OK
r-devel-linux-x86_64-fedora-gcc 3.1.2.1 48.64 OK
r-devel-windows-x86_64 3.1.2.1 4.00 45.00 49.00 OK
r-patched-linux-x86_64 3.1.2.1 4.00 28.56 32.56 OK
r-release-linux-x86_64 3.1.2.1 3.02 28.67 31.69 OK
r-release-macos-arm64 3.1.2.1 2.00 15.00 17.00 OK
r-release-macos-x86_64 3.1.2.1 3.00 28.00 31.00 OK
r-release-windows-x86_64 3.1.2.1 4.00 51.00 55.00 OK
r-oldrel-macos-arm64 3.1.2.1 2.00 20.00 22.00 OK
r-oldrel-macos-x86_64 3.1.2.1 3.00 22.00 25.00 OK
r-oldrel-windows-x86_64 3.1.2.1 5.00 45.00 50.00 OK

Check Details

Version: 3.1.2.1
Check: CRAN incoming feasibility
Result: NOTE Maintainer: ‘Debin Qiu <debinqiu@uga.edu>’ No Authors@R field in DESCRIPTION. Please add one, modifying Authors@R: person(given = "Debin", family = "Qiu", role = c("aut", "cre"), email = "debinqiu@uga.edu") as necessary. Flavors: r-devel-linux-x86_64-debian-clang, r-devel-linux-x86_64-debian-gcc