Last updated on 2025-10-22 09:50:26 CEST.
Flavor | Version | Tinstall | Tcheck | Ttotal | Status | Flags |
---|---|---|---|---|---|---|
r-devel-linux-x86_64-debian-clang | 0.3.7 | 1.91 | 32.86 | 34.77 | NOTE | |
r-devel-linux-x86_64-debian-gcc | 0.3.7 | 1.87 | 24.93 | 26.80 | NOTE | |
r-devel-linux-x86_64-fedora-clang | 0.3.7 | 10.00 | 40.87 | 50.87 | OK | |
r-devel-linux-x86_64-fedora-gcc | 0.3.7 | 49.20 | OK | |||
r-devel-windows-x86_64 | 0.3.7 | 3.00 | 54.00 | 57.00 | OK | |
r-patched-linux-x86_64 | 0.3.7 | 2.39 | 31.10 | 33.49 | OK | |
r-release-linux-x86_64 | 0.3.7 | 2.38 | 31.02 | 33.40 | OK | |
r-release-macos-arm64 | 0.3.7 | 2.00 | 21.00 | 23.00 | OK | |
r-release-macos-x86_64 | 0.3.7 | 2.00 | 30.00 | 32.00 | OK | |
r-release-windows-x86_64 | 0.3.7 | 4.00 | 55.00 | 59.00 | OK | |
r-oldrel-macos-arm64 | 0.3.7 | 1.00 | 24.00 | 25.00 | OK | |
r-oldrel-macos-x86_64 | 0.3.7 | 3.00 | 37.00 | 40.00 | OK | |
r-oldrel-windows-x86_64 | 0.3.7 | 4.00 | 63.00 | 67.00 | OK |
Version: 0.3.7
Check: HTML version of manual
Result: NOTE
Found the following HTML validation problems:
artless.html:155:1 (artless.Rd:155): Warning: <h3> anchor "_sec_note" already defined
artless.html:164:1 (artless.Rd:162): Warning: <h3> anchor "_sec_note" already defined
Flavors: r-devel-linux-x86_64-debian-clang, r-devel-linux-x86_64-debian-gcc