Last updated on 2025-10-23 09:50:37 CEST.
| Flavor | Version | Tinstall | Tcheck | Ttotal | Status | Flags |
|---|---|---|---|---|---|---|
| r-devel-linux-x86_64-debian-clang | 0.2-8 | 14.09 | 126.11 | 140.20 | NOTE | |
| r-devel-linux-x86_64-debian-gcc | 0.2-8 | 10.14 | 85.41 | 95.55 | NOTE | |
| r-devel-linux-x86_64-fedora-clang | 0.2-8 | 72.00 | 145.46 | 217.46 | OK | |
| r-devel-linux-x86_64-fedora-gcc | 0.2-8 | 75.00 | 131.64 | 206.64 | OK | |
| r-devel-windows-x86_64 | 0.2-8 | 18.00 | 168.00 | 186.00 | OK | |
| r-patched-linux-x86_64 | 0.2-8 | 15.48 | 115.64 | 131.12 | OK | |
| r-release-linux-x86_64 | 0.2-8 | 11.73 | 115.82 | 127.55 | OK | |
| r-release-macos-arm64 | 0.2-8 | 6.00 | 45.00 | 51.00 | OK | |
| r-release-macos-x86_64 | 0.2-8 | 10.00 | 69.00 | 79.00 | OK | |
| r-release-windows-x86_64 | 0.2-8 | 16.00 | 165.00 | 181.00 | OK | |
| r-oldrel-macos-arm64 | 0.2-8 | 5.00 | 44.00 | 49.00 | OK | |
| r-oldrel-macos-x86_64 | 0.2-8 | 8.00 | 62.00 | 70.00 | OK | |
| r-oldrel-windows-x86_64 | 0.2-8 | 23.00 | 223.00 | 246.00 | OK |
Version: 0.2-8
Check: CRAN incoming feasibility
Result: NOTE
Maintainer: ‘Kevin M. Middleton <middletonk@missouri.edu>’
No Authors@R field in DESCRIPTION.
Please add one, modifying
Authors@R: c(person(given = c("Kevin", "M."),
family = "Middleton",
role = c("aut", "cre"),
email = "middletonk@missouri.edu"),
person(given = "Randall",
family = "Pruim",
role = "aut",
email = "rpruim@calvin.edu"))
as necessary.
Found the following (possibly) invalid file URIs:
URI: middletonk@missouri.edu
From: man/abd-package.Rd
URI: rpruim@calvin.edu
From: man/abd-package.Rd
Flavors: r-devel-linux-x86_64-debian-clang, r-devel-linux-x86_64-debian-gcc