Last updated on 2025-10-22 09:50:26 CEST.
Flavor | Version | Tinstall | Tcheck | Ttotal | Status | Flags |
---|---|---|---|---|---|---|
r-devel-linux-x86_64-debian-clang | 3.1.2 | 55.82 | 123.11 | 178.93 | NOTE | |
r-devel-linux-x86_64-debian-gcc | 3.1.2 | 41.46 | 86.62 | 128.08 | NOTE | |
r-devel-linux-x86_64-fedora-clang | 3.1.2 | 140.00 | 159.05 | 299.05 | OK | |
r-devel-linux-x86_64-fedora-gcc | 3.1.2 | 121.00 | 176.08 | 297.08 | OK | |
r-devel-windows-x86_64 | 3.1.2 | 68.00 | 130.00 | 198.00 | OK | |
r-patched-linux-x86_64 | 3.1.2 | 54.82 | 112.70 | 167.52 | OK | |
r-release-linux-x86_64 | 3.1.2 | 55.39 | 113.30 | 168.69 | OK | |
r-release-macos-arm64 | 3.1.2 | 24.00 | 51.00 | 75.00 | OK | |
r-release-macos-x86_64 | 3.1.2 | 24.00 | 95.00 | 119.00 | OK | |
r-release-windows-x86_64 | 3.1.2 | 73.00 | 135.00 | 208.00 | OK | |
r-oldrel-macos-arm64 | 3.1.2 | 24.00 | 47.00 | 71.00 | OK | |
r-oldrel-macos-x86_64 | 3.1.2 | 23.00 | 81.00 | 104.00 | OK | |
r-oldrel-windows-x86_64 | 3.1.2 | 82.00 | 173.00 | 255.00 | OK |
Version: 3.1.2
Check: CRAN incoming feasibility
Result: NOTE
Maintainer: ‘Dane R. Van Domelen <vandomed@gmail.com>’
No Authors@R field in DESCRIPTION.
Please add one, modifying
Authors@R: person(given = c("Dane", "R."),
family = "Van Domelen",
role = c("aut", "cre"),
email = "vandomed@gmail.com")
as necessary.
Found the following URLs which should use \doi (with the DOI name only):
File ‘accelerometry.Rd’:
https://doi.org/10.7287/peerj.preprints.3188v1
Flavors: r-devel-linux-x86_64-debian-clang, r-devel-linux-x86_64-debian-gcc