CRAN Package Check Results for Package admiralophtha

Last updated on 2025-07-04 09:49:45 CEST.

Flavor Version Tinstall Tcheck Ttotal Status Flags
r-devel-linux-x86_64-debian-clang 1.2.0 9.81 79.48 89.29 OK
r-devel-linux-x86_64-debian-gcc 1.2.0 6.52 56.56 63.08 OK
r-devel-linux-x86_64-fedora-clang 1.2.0 137.63 NOTE
r-devel-linux-x86_64-fedora-gcc 1.2.0 151.11 NOTE
r-devel-windows-x86_64 1.2.0 12.00 89.00 101.00 OK
r-patched-linux-x86_64 1.2.0 7.95 72.44 80.39 OK
r-release-linux-x86_64 1.2.0 9.23 72.60 81.83 OK
r-release-macos-arm64 1.2.0 51.00 OK
r-release-macos-x86_64 1.2.0 94.00 OK
r-release-windows-x86_64 1.2.0 14.00 97.00 111.00 OK
r-oldrel-macos-arm64 1.2.0 55.00 OK
r-oldrel-macos-x86_64 1.2.0 95.00 OK
r-oldrel-windows-x86_64 1.2.0 17.00 114.00 131.00 OK

Check Details

Version: 1.2.0
Check: dependencies in R code
Result: NOTE Namespace in Imports field not imported from: ‘cli’ All declared Imports should be used. Flavors: r-devel-linux-x86_64-fedora-clang, r-devel-linux-x86_64-fedora-gcc