Last updated on 2025-10-22 09:50:26 CEST.
Flavor | Version | Tinstall | Tcheck | Ttotal | Status | Flags |
---|---|---|---|---|---|---|
r-devel-linux-x86_64-debian-clang | 1.1.2 | 21.70 | 155.09 | 176.79 | NOTE | |
r-devel-linux-x86_64-debian-gcc | 1.1.2 | 16.33 | 113.70 | 130.03 | NOTE | |
r-devel-linux-x86_64-fedora-clang | 1.1.2 | 43.00 | 219.71 | 262.71 | OK | |
r-devel-linux-x86_64-fedora-gcc | 1.1.2 | 48.00 | 220.63 | 268.63 | OK | |
r-devel-windows-x86_64 | 1.1.2 | 20.00 | 135.00 | 155.00 | OK | |
r-patched-linux-x86_64 | 1.1.2 | 21.85 | 148.98 | 170.83 | OK | |
r-release-linux-x86_64 | 1.1.2 | 23.72 | 147.56 | 171.28 | OK | |
r-release-macos-arm64 | 1.1.2 | 6.00 | 54.00 | 60.00 | OK | |
r-release-macos-x86_64 | 1.1.2 | 12.00 | 110.00 | 122.00 | OK | |
r-release-windows-x86_64 | 1.1.2 | 17.00 | 141.00 | 158.00 | OK | |
r-oldrel-macos-arm64 | 1.1.2 | 6.00 | 55.00 | 61.00 | NOTE | |
r-oldrel-macos-x86_64 | 1.1.2 | 9.00 | 78.00 | 87.00 | NOTE | |
r-oldrel-windows-x86_64 | 1.1.2 | 24.00 | 174.00 | 198.00 | NOTE |
Version: 1.1.2
Check: CRAN incoming feasibility
Result: NOTE
Maintainer: ‘Cole Monnahan <monnahc@uw.edu>’
Package CITATION file contains call(s) to old-style personList() or
as.personList(). Please use c() on person objects instead.
Package CITATION file contains call(s) to old-style citEntry(). Please
use bibentry() instead.
Flavors: r-devel-linux-x86_64-debian-clang, r-devel-linux-x86_64-debian-gcc
Version: 1.1.2
Check: HTML version of manual
Result: NOTE
Found the following HTML validation problems:
dot-check_model_path.html:50:1 (dot-check_model_path.Rd:12): Warning: missing </ul> before </div>
dot-sample_admb.html:171:1 (dot-sample_admb.Rd:101): Warning: missing </ul> before </div>
is.adfit.html:46:1 (is.adfit.Rd:10): Warning: missing </ul> before </div>
Flavors: r-devel-linux-x86_64-debian-clang, r-devel-linux-x86_64-debian-gcc
Version: 1.1.2
Check: LazyData
Result: NOTE
'LazyData' is specified without a 'data' directory
Flavors: r-oldrel-macos-arm64, r-oldrel-macos-x86_64, r-oldrel-windows-x86_64