Last updated on 2025-10-22 09:50:26 CEST.
Flavor | Version | Tinstall | Tcheck | Ttotal | Status | Flags |
---|---|---|---|---|---|---|
r-devel-linux-x86_64-debian-clang | 0.5.0 | 11.22 | 85.03 | 96.25 | NOTE | |
r-devel-linux-x86_64-debian-gcc | 0.5.0 | 7.82 | 58.37 | 66.19 | NOTE | |
r-devel-linux-x86_64-fedora-clang | 0.5.0 | 21.00 | 117.13 | 138.13 | NOTE | |
r-devel-linux-x86_64-fedora-gcc | 0.5.0 | 21.00 | 128.12 | 149.12 | NOTE | |
r-devel-windows-x86_64 | 0.5.0 | 12.00 | 98.00 | 110.00 | NOTE | |
r-patched-linux-x86_64 | 0.5.0 | 10.32 | 76.43 | 86.75 | NOTE | |
r-release-linux-x86_64 | 0.5.0 | 9.77 | 77.30 | 87.07 | NOTE | |
r-release-macos-arm64 | 0.5.0 | 4.00 | 42.00 | 46.00 | NOTE | |
r-release-macos-x86_64 | 0.5.0 | 13.00 | 75.00 | 88.00 | NOTE | |
r-release-windows-x86_64 | 0.5.0 | 14.00 | 99.00 | 113.00 | NOTE | |
r-oldrel-macos-arm64 | 0.5.0 | 4.00 | 46.00 | 50.00 | OK | |
r-oldrel-macos-x86_64 | 0.5.0 | 12.00 | 120.00 | 132.00 | OK | |
r-oldrel-windows-x86_64 | 0.5.0 | 17.00 | 119.00 | 136.00 | OK |
Version: 0.5.0
Check: DESCRIPTION meta-information
Result: NOTE
Missing dependency on R >= 4.1.0 because package code uses the pipe
|> or function shorthand \(...) syntax added in R 4.1.0.
File(s) using such syntax:
‘cm_formula.R’ ‘tag_add.R’
Flavors: r-devel-linux-x86_64-debian-clang, r-devel-linux-x86_64-debian-gcc, r-devel-linux-x86_64-fedora-clang, r-devel-linux-x86_64-fedora-gcc, r-devel-windows-x86_64, r-patched-linux-x86_64, r-release-linux-x86_64, r-release-macos-arm64, r-release-macos-x86_64, r-release-windows-x86_64