CRAN Package Check Results for Package agcounts

Last updated on 2025-10-22 09:50:26 CEST.

Flavor Version Tinstall Tcheck Ttotal Status Flags
r-devel-linux-x86_64-debian-clang 0.6.6 42.22 137.71 179.93 NOTE
r-devel-linux-x86_64-debian-gcc 0.6.6 28.05 106.26 134.31 NOTE
r-devel-linux-x86_64-fedora-clang 0.6.6 85.00 247.91 332.91 OK
r-devel-linux-x86_64-fedora-gcc 0.6.6 69.00 243.50 312.50 OK
r-devel-windows-x86_64 0.6.6 68.00 445.00 513.00 OK
r-patched-linux-x86_64 0.6.6 36.32 126.28 162.60 OK
r-release-linux-x86_64 0.6.6 37.25 125.67 162.92 OK
r-release-macos-arm64 0.6.6 18.00 63.00 81.00 OK
r-release-macos-x86_64 0.6.6 34.00 104.00 138.00 OK
r-release-windows-x86_64 0.6.6 68.00 453.00 521.00 OK
r-oldrel-macos-arm64 0.6.6 17.00 58.00 75.00 NOTE
r-oldrel-macos-x86_64 0.6.6 21.00 78.00 99.00 NOTE
r-oldrel-windows-x86_64 0.6.6 68.00 313.00 381.00 OK

Check Details

Version: 0.6.6
Check: HTML version of manual
Result: NOTE Found the following HTML validation problems: upSampleC.html:44:1 (upSampleC.Rd:9): Warning: missing </ul> before </div> Flavors: r-devel-linux-x86_64-debian-clang, r-devel-linux-x86_64-debian-gcc

Version: 0.6.6
Check: installed package size
Result: NOTE installed size is 5.7Mb sub-directories of 1Mb or more: extdata 3.4Mb libs 2.1Mb Flavors: r-oldrel-macos-arm64, r-oldrel-macos-x86_64