Last updated on 2025-10-22 09:50:26 CEST.
Flavor | Version | Tinstall | Tcheck | Ttotal | Status | Flags |
---|---|---|---|---|---|---|
r-devel-linux-x86_64-debian-clang | 0.1.2 | 19.66 | 167.83 | 187.49 | OK | |
r-devel-linux-x86_64-debian-gcc | 0.1.2 | 13.17 | 115.71 | 128.88 | OK | |
r-devel-linux-x86_64-fedora-clang | 0.1.2 | 107.00 | 204.85 | 311.85 | OK | |
r-devel-linux-x86_64-fedora-gcc | 0.1.2 | 47.00 | 234.31 | 281.31 | OK | |
r-devel-windows-x86_64 | 0.1.2 | 20.00 | 141.00 | 161.00 | OK | |
r-patched-linux-x86_64 | 0.1.2 | 18.01 | 158.16 | 176.17 | OK | |
r-release-linux-x86_64 | 0.1.2 | 19.80 | 162.19 | 181.99 | OK | |
r-release-macos-arm64 | 0.1.2 | 5.00 | ERROR | |||
r-release-macos-x86_64 | 0.1.2 | 19.00 | 130.00 | 149.00 | OK | |
r-release-windows-x86_64 | 0.1.2 | 22.00 | 139.00 | 161.00 | OK | |
r-oldrel-macos-arm64 | 0.1.2 | 8.00 | 66.00 | 74.00 | NOTE | |
r-oldrel-macos-x86_64 | 0.1.2 | 15.00 | 103.00 | 118.00 | NOTE | |
r-oldrel-windows-x86_64 | 0.1.2 | 26.00 | 185.00 | 211.00 | NOTE |
Version: 0.1.2
Check: package dependencies
Result: ERROR
Package required but not available: ‘org.Hs.eg.db’
See section ‘The DESCRIPTION file’ in the ‘Writing R Extensions’
manual.
Flavor: r-release-macos-arm64
Version: 0.1.2
Check: LazyData
Result: NOTE
'LazyData' is specified without a 'data' directory
Flavors: r-oldrel-macos-arm64, r-oldrel-macos-x86_64, r-oldrel-windows-x86_64