CRAN Package Check Results for Package ambient

Last updated on 2025-10-22 09:50:26 CEST.

Flavor Version Tinstall Tcheck Ttotal Status Flags
r-devel-linux-x86_64-debian-clang 1.0.2 16.01 46.36 62.37 NOTE
r-devel-linux-x86_64-debian-gcc 1.0.2 11.04 35.86 46.90 NOTE
r-devel-linux-x86_64-fedora-clang 1.0.2 45.00 60.37 105.37 NOTE
r-devel-linux-x86_64-fedora-gcc 1.0.2 41.00 54.14 95.14 NOTE
r-devel-windows-x86_64 1.0.2 21.00 89.00 110.00 NOTE
r-patched-linux-x86_64 1.0.2 16.25 43.97 60.22 NOTE
r-release-linux-x86_64 1.0.2 15.34 44.01 59.35 NOTE
r-release-macos-arm64 1.0.2 7.00 28.00 35.00 NOTE
r-release-macos-x86_64 1.0.2 10.00 55.00 65.00 NOTE
r-release-windows-x86_64 1.0.2 23.00 83.00 106.00 NOTE
r-oldrel-macos-arm64 1.0.2 6.00 33.00 39.00 NOTE
r-oldrel-macos-x86_64 1.0.2 7.00 41.00 48.00 NOTE
r-oldrel-windows-x86_64 1.0.2 20.00 98.00 118.00 NOTE

Check Details

Version: 1.0.2
Check: C++ specification
Result: NOTE Specified C++11: please drop specification unless essential Flavors: r-devel-linux-x86_64-debian-clang, r-devel-linux-x86_64-debian-gcc, r-devel-linux-x86_64-fedora-clang, r-devel-linux-x86_64-fedora-gcc, r-devel-windows-x86_64, r-patched-linux-x86_64, r-release-linux-x86_64, r-release-macos-arm64, r-release-macos-x86_64, r-release-windows-x86_64, r-oldrel-macos-arm64, r-oldrel-macos-x86_64, r-oldrel-windows-x86_64