CRAN Package Check Results for Package anesrake

Last updated on 2025-10-22 09:50:26 CEST.

Flavor Version Tinstall Tcheck Ttotal Status Flags
r-devel-linux-x86_64-debian-clang 0.80 14.72 108.95 123.67 NOTE
r-devel-linux-x86_64-debian-gcc 0.80 10.97 78.45 89.42 NOTE
r-devel-linux-x86_64-fedora-clang 0.80 31.00 154.42 185.42 OK
r-devel-linux-x86_64-fedora-gcc 0.80 28.00 148.15 176.15 OK
r-devel-windows-x86_64 0.80 16.00 104.00 120.00 OK
r-patched-linux-x86_64 0.80 13.54 102.25 115.79 OK
r-release-linux-x86_64 0.80 14.68 103.57 118.25 OK
r-release-macos-arm64 0.80 6.00 42.00 48.00 OK
r-release-macos-x86_64 0.80 12.00 75.00 87.00 OK
r-release-windows-x86_64 0.80 17.00 106.00 123.00 OK
r-oldrel-macos-arm64 0.80 6.00 46.00 52.00 OK
r-oldrel-macos-x86_64 0.80 9.00 59.00 68.00 OK
r-oldrel-windows-x86_64 0.80 21.00 137.00 158.00 OK

Check Details

Version: 0.80
Check: CRAN incoming feasibility
Result: NOTE Maintainer: ‘Josh Pasek <josh@joshpasek.com>’ No Authors@R field in DESCRIPTION. Please add one, modifying Authors@R: person(given = "Josh", family = "Pasek", role = c("aut", "cre"), email = "josh@joshpasek.com") as necessary. Flavors: r-devel-linux-x86_64-debian-clang, r-devel-linux-x86_64-debian-gcc

Version: 0.80
Check: HTML version of manual
Result: NOTE Found the following HTML validation problems: generaldesigneffect.html:50:1 (generaldesigneffect.Rd:17): Warning: missing </ul> before </div> Flavors: r-devel-linux-x86_64-debian-clang, r-devel-linux-x86_64-debian-gcc