Last updated on 2025-07-04 09:49:45 CEST.
Flavor | Version | Tinstall | Tcheck | Ttotal | Status | Flags |
---|---|---|---|---|---|---|
r-devel-linux-x86_64-debian-clang | 0.0.1 | 33.18 | 262.91 | 296.09 | NOTE | |
r-devel-linux-x86_64-debian-gcc | 0.0.1 | 19.53 | 164.79 | 184.32 | NOTE | |
r-devel-linux-x86_64-fedora-clang | 0.0.1 | 465.07 | OK | |||
r-devel-linux-x86_64-fedora-gcc | 0.0.1 | 447.18 | OK | |||
r-devel-windows-x86_64 | 0.0.1 | 27.00 | 200.00 | 227.00 | OK | |
r-patched-linux-x86_64 | 0.0.1 | 30.02 | 250.78 | 280.80 | OK | |
r-release-linux-x86_64 | 0.0.1 | 27.45 | 253.07 | 280.52 | OK | |
r-release-macos-arm64 | 0.0.1 | 105.00 | OK | |||
r-release-macos-x86_64 | 0.0.1 | 214.00 | OK | |||
r-release-windows-x86_64 | 0.0.1 | 27.00 | 204.00 | 231.00 | OK | |
r-oldrel-macos-arm64 | 0.0.1 | 98.00 | OK | |||
r-oldrel-macos-x86_64 | 0.0.1 | 186.00 | OK | |||
r-oldrel-windows-x86_64 | 0.0.1 | 40.00 | 325.00 | 365.00 | OK |
Version: 0.0.1
Check: CRAN incoming feasibility
Result: NOTE
Maintainer: ‘Michael D. Sumner <mdsumner@gmail.com>’
Found the following (possibly) invalid file URI:
URI: CONDUCT.md
From: README.md
Flavors: r-devel-linux-x86_64-debian-clang, r-devel-linux-x86_64-debian-gcc