Last updated on 2025-10-22 09:50:26 CEST.
Flavor | Version | Tinstall | Tcheck | Ttotal | Status | Flags |
---|---|---|---|---|---|---|
r-devel-linux-x86_64-debian-clang | 1.0.7 | 20.60 | 148.46 | 169.06 | NOTE | |
r-devel-linux-x86_64-debian-gcc | 1.0.7 | 12.87 | 104.33 | 117.20 | NOTE | |
r-devel-linux-x86_64-fedora-clang | 1.0.7 | 40.00 | 210.04 | 250.04 | OK | |
r-devel-linux-x86_64-fedora-gcc | 1.0.7 | 47.00 | 215.55 | 262.55 | OK | |
r-devel-windows-x86_64 | 1.0.7 | 20.00 | 137.00 | 157.00 | OK | |
r-patched-linux-x86_64 | 1.0.7 | 18.05 | 138.19 | 156.24 | OK | |
r-release-linux-x86_64 | 1.0.7 | 16.65 | 140.11 | 156.76 | OK | |
r-release-macos-arm64 | 1.0.7 | 7.00 | 62.00 | 69.00 | OK | |
r-release-macos-x86_64 | 1.0.7 | 18.00 | 130.00 | 148.00 | OK | |
r-release-windows-x86_64 | 1.0.7 | 20.00 | 138.00 | 158.00 | OK | |
r-oldrel-macos-arm64 | 1.0.7 | 8.00 | 64.00 | 72.00 | OK | |
r-oldrel-macos-x86_64 | 1.0.7 | 16.00 | 133.00 | 149.00 | OK | |
r-oldrel-windows-x86_64 | 1.0.7 | 26.00 | 182.00 | 208.00 | OK |
Version: 1.0.7
Check: HTML version of manual
Result: NOTE
Found the following HTML validation problems:
add.gaps.html:57:1 (add.gaps.Rd:22): Warning: missing </ul> before </div>
rm.gaps.html:57:1 (rm.gaps.Rd:22): Warning: missing </ul> before </div>
Flavors: r-devel-linux-x86_64-debian-clang, r-devel-linux-x86_64-debian-gcc