CRAN Package Check Results for Package aricode

Last updated on 2025-10-22 09:50:26 CEST.

Flavor Version Tinstall Tcheck Ttotal Status Flags
r-devel-linux-x86_64-debian-clang 1.0.3 15.14 60.70 75.84 NOTE
r-devel-linux-x86_64-debian-gcc 1.0.3 11.81 45.62 57.43 NOTE
r-devel-linux-x86_64-fedora-clang 1.0.3 31.00 88.16 119.16 OK
r-devel-linux-x86_64-fedora-gcc 1.0.3 29.00 89.04 118.04 OK
r-devel-windows-x86_64 1.0.3 19.00 89.00 108.00 OK
r-patched-linux-x86_64 1.0.3 16.86 58.07 74.93 OK
r-release-linux-x86_64 1.0.3 16.04 57.87 73.91 OK
r-release-macos-arm64 1.0.3 9.00 33.00 42.00 OK
r-release-macos-x86_64 1.0.3 15.00 51.00 66.00 OK
r-release-windows-x86_64 1.0.3 21.00 86.00 107.00 OK
r-oldrel-macos-arm64 1.0.3 8.00 28.00 36.00 OK
r-oldrel-macos-x86_64 1.0.3 10.00 42.00 52.00 OK
r-oldrel-windows-x86_64 1.0.3 23.00 111.00 134.00 OK

Check Details

Version: 1.0.3
Check: HTML version of manual
Result: NOTE Found the following HTML validation problems: sortPairs.html:54:1 (sortPairs.Rd:14): Warning: missing </ul> before </div> Flavors: r-devel-linux-x86_64-debian-clang, r-devel-linux-x86_64-debian-gcc