CRAN Package Check Results for Package armspp

Last updated on 2025-10-22 09:50:26 CEST.

Flavor Version Tinstall Tcheck Ttotal Status Flags
r-devel-linux-x86_64-debian-clang 0.0.2 17.80 30.98 48.78 NOTE
r-devel-linux-x86_64-debian-gcc 0.0.2 12.45 24.77 37.22 NOTE
r-devel-linux-x86_64-fedora-clang 0.0.2 37.00 50.21 87.21 NOTE
r-devel-linux-x86_64-fedora-gcc 0.0.2 30.00 66.93 96.93 NOTE
r-devel-windows-x86_64 0.0.2 21.00 66.00 87.00 NOTE
r-patched-linux-x86_64 0.0.2 17.55 29.65 47.20 NOTE
r-release-linux-x86_64 0.0.2 18.19 29.69 47.88 NOTE
r-release-macos-arm64 0.0.2 10.00 30.00 40.00 NOTE
r-release-macos-x86_64 0.0.2 9.00 51.00 60.00 NOTE
r-release-windows-x86_64 0.0.2 22.00 64.00 86.00 NOTE
r-oldrel-macos-arm64 0.0.2 8.00 28.00 36.00 NOTE
r-oldrel-macos-x86_64 0.0.2 12.00 47.00 59.00 NOTE
r-oldrel-windows-x86_64 0.0.2 25.00 78.00 103.00 NOTE

Check Details

Version: 0.0.2
Check: C++ specification
Result: NOTE Specified C++11: please drop specification unless essential Flavors: r-devel-linux-x86_64-debian-clang, r-devel-linux-x86_64-debian-gcc, r-devel-linux-x86_64-fedora-clang, r-devel-linux-x86_64-fedora-gcc, r-devel-windows-x86_64, r-patched-linux-x86_64, r-release-linux-x86_64, r-release-macos-arm64, r-release-macos-x86_64, r-release-windows-x86_64, r-oldrel-macos-arm64, r-oldrel-macos-x86_64, r-oldrel-windows-x86_64

Version: 0.0.2
Check: LazyData
Result: NOTE 'LazyData' is specified without a 'data' directory Flavors: r-oldrel-macos-arm64, r-oldrel-macos-x86_64, r-oldrel-windows-x86_64