Last updated on 2025-10-22 09:50:26 CEST.
Flavor | Version | Tinstall | Tcheck | Ttotal | Status | Flags |
---|---|---|---|---|---|---|
r-devel-linux-x86_64-debian-clang | 0.1-8 | 10.84 | 90.89 | 101.73 | NOTE | |
r-devel-linux-x86_64-debian-gcc | 0.1-8 | 7.88 | 66.05 | 73.93 | NOTE | |
r-devel-linux-x86_64-fedora-clang | 0.1-8 | 23.00 | 128.23 | 151.23 | OK | |
r-devel-linux-x86_64-fedora-gcc | 0.1-8 | 19.00 | 127.81 | 146.81 | OK | |
r-devel-windows-x86_64 | 0.1-8 | 11.00 | 97.00 | 108.00 | OK | |
r-patched-linux-x86_64 | 0.1-8 | 10.22 | 86.76 | 96.98 | OK | |
r-release-linux-x86_64 | 0.1-8 | 10.82 | 85.52 | 96.34 | OK | |
r-release-macos-arm64 | 0.1-8 | 7.00 | 45.00 | 52.00 | OK | |
r-release-macos-x86_64 | 0.1-8 | 11.00 | 92.00 | 103.00 | OK | |
r-release-windows-x86_64 | 0.1-8 | 11.00 | 96.00 | 107.00 | OK | |
r-oldrel-macos-arm64 | 0.1-8 | 5.00 | 41.00 | 46.00 | OK | |
r-oldrel-macos-x86_64 | 0.1-8 | 8.00 | 58.00 | 66.00 | OK | |
r-oldrel-windows-x86_64 | 0.1-8 | 14.00 | 115.00 | 129.00 | OK |
Version: 0.1-8
Check: CRAN incoming feasibility
Result: NOTE
Maintainer: ‘Michael Hahsler <mhahsler@lyle.smu.edu>’
The BugReports field in DESCRIPTION has
https://github.com/mhahsler/arulesNBMiner
which should likely be
https://github.com/mhahsler/arulesNBMiner/issues
instead.
Flavors: r-devel-linux-x86_64-debian-clang, r-devel-linux-x86_64-debian-gcc