Last updated on 2025-10-22 09:50:26 CEST.
Flavor | Version | Tinstall | Tcheck | Ttotal | Status | Flags |
---|---|---|---|---|---|---|
r-devel-linux-x86_64-debian-clang | 1.1.17 | 9.15 | 96.09 | 105.24 | NOTE | |
r-devel-linux-x86_64-debian-gcc | 1.1.17 | 5.60 | 63.96 | 69.56 | NOTE | |
r-devel-linux-x86_64-fedora-clang | 1.1.17 | 29.00 | 134.46 | 163.46 | OK | |
r-devel-linux-x86_64-fedora-gcc | 1.1.17 | 24.00 | 137.83 | 161.83 | OK | |
r-devel-windows-x86_64 | 1.1.17 | 10.00 | 102.00 | 112.00 | OK | |
r-patched-linux-x86_64 | 1.1.17 | 9.08 | 90.20 | 99.28 | OK | |
r-release-linux-x86_64 | 1.1.17 | 8.94 | 90.64 | 99.58 | OK | |
r-release-macos-arm64 | 1.1.17 | 4.00 | 40.00 | 44.00 | OK | |
r-release-macos-x86_64 | 1.1.17 | 8.00 | 76.00 | 84.00 | OK | |
r-release-windows-x86_64 | 1.1.17 | 10.00 | 103.00 | 113.00 | OK | |
r-oldrel-macos-arm64 | 1.1.17 | 4.00 | 38.00 | 42.00 | OK | |
r-oldrel-macos-x86_64 | 1.1.17 | 6.00 | 74.00 | 80.00 | OK | |
r-oldrel-windows-x86_64 | 1.1.17 | 14.00 | 127.00 | 141.00 | OK |
Version: 1.1.17
Check: CRAN incoming feasibility
Result: NOTE
Maintainer: ‘Damien R. Farine <dfarine@ab.mpg.de>’
No Authors@R field in DESCRIPTION.
Please add one, modifying
Authors@R: person(given = c("Damien", "R."),
family = "Farine",
role = c("aut", "cre"),
email = "dfarine@ab.mpg.de")
as necessary.
Flavors: r-devel-linux-x86_64-debian-clang, r-devel-linux-x86_64-debian-gcc