Last updated on 2025-07-04 09:49:45 CEST.
Flavor | Version | Tinstall | Tcheck | Ttotal | Status | Flags |
---|---|---|---|---|---|---|
r-devel-linux-x86_64-debian-clang | 0.2.0 | 29.70 | 93.96 | 123.66 | NOTE | |
r-devel-linux-x86_64-debian-gcc | 0.2.0 | 20.81 | 63.47 | 84.28 | NOTE | |
r-devel-linux-x86_64-fedora-clang | 0.2.0 | 200.29 | OK | |||
r-devel-linux-x86_64-fedora-gcc | 0.2.0 | 194.07 | OK | |||
r-devel-windows-x86_64 | 0.2.0 | 35.00 | 109.00 | 144.00 | OK | |
r-patched-linux-x86_64 | 0.2.0 | 28.24 | 84.33 | 112.57 | OK | |
r-release-linux-x86_64 | 0.2.0 | 28.31 | 83.93 | 112.24 | OK | |
r-release-macos-arm64 | 0.2.0 | 53.00 | OK | |||
r-release-macos-x86_64 | 0.2.0 | 91.00 | OK | |||
r-release-windows-x86_64 | 0.2.0 | 36.00 | 110.00 | 146.00 | OK | |
r-oldrel-macos-arm64 | 0.2.0 | 59.00 | OK | |||
r-oldrel-macos-x86_64 | 0.2.0 | 85.00 | OK | |||
r-oldrel-windows-x86_64 | 0.2.0 | 45.00 | 141.00 | 186.00 | OK |
Version: 0.2.0
Check: CRAN incoming feasibility
Result: NOTE
Maintainer: ‘Vivien Goepp <vivien.goepp@gmail.com>’
The Description field contains
Selection", <arXiv:1808.01770>.
Please refer to arXiv e-prints via their arXiv DOI <doi:10.48550/arXiv.YYMM.NNNNN>.
Flavors: r-devel-linux-x86_64-debian-clang, r-devel-linux-x86_64-debian-gcc