Last updated on 2025-10-22 09:50:26 CEST.
Flavor | Version | Tinstall | Tcheck | Ttotal | Status | Flags |
---|---|---|---|---|---|---|
r-devel-linux-x86_64-debian-clang | 0.2.0 | 5.86 | 75.84 | 81.70 | NOTE | |
r-devel-linux-x86_64-debian-gcc | 0.2.0 | 3.82 | 52.55 | 56.37 | NOTE | |
r-devel-linux-x86_64-fedora-clang | 0.2.0 | 13.00 | 108.60 | 121.60 | OK | |
r-devel-linux-x86_64-fedora-gcc | 0.2.0 | 13.00 | 116.78 | 129.78 | OK | |
r-devel-windows-x86_64 | 0.2.0 | 7.00 | 107.00 | 114.00 | OK | |
r-patched-linux-x86_64 | 0.2.0 | 6.11 | 70.52 | 76.63 | OK | |
r-release-linux-x86_64 | 0.2.0 | 5.35 | 70.96 | 76.31 | OK | |
r-release-macos-arm64 | 0.2.0 | 3.00 | 36.00 | 39.00 | OK | |
r-release-macos-x86_64 | 0.2.0 | 7.00 | 81.00 | 88.00 | OK | |
r-release-windows-x86_64 | 0.2.0 | 8.00 | 110.00 | 118.00 | OK | |
r-oldrel-macos-arm64 | 0.2.0 | 2.00 | 40.00 | 42.00 | OK | |
r-oldrel-macos-x86_64 | 0.2.0 | 5.00 | 124.00 | 129.00 | OK | |
r-oldrel-windows-x86_64 | 0.2.0 | 12.00 | 125.00 | 137.00 | OK |
Version: 0.2.0
Check: HTML version of manual
Result: NOTE
Found the following HTML validation problems:
common_roxygen_params.html:58:1 (common_roxygen_params.Rd:16): Warning: missing </ul> before </div>
Flavors: r-devel-linux-x86_64-debian-clang, r-devel-linux-x86_64-debian-gcc