Last updated on 2025-10-22 09:50:26 CEST.
Flavor | Version | Tinstall | Tcheck | Ttotal | Status | Flags |
---|---|---|---|---|---|---|
r-devel-linux-x86_64-debian-clang | 1.5 | 28.48 | 155.75 | 184.23 | NOTE | |
r-devel-linux-x86_64-debian-gcc | 1.5 | 20.42 | 99.41 | 119.83 | NOTE | |
r-devel-linux-x86_64-fedora-clang | 1.5 | 78.00 | 217.27 | 295.27 | OK | |
r-devel-linux-x86_64-fedora-gcc | 1.5 | 63.00 | 211.54 | 274.54 | OK | |
r-devel-windows-x86_64 | 1.5 | 38.00 | 167.00 | 205.00 | OK | |
r-patched-linux-x86_64 | 1.5 | 32.84 | 145.79 | 178.63 | OK | |
r-release-linux-x86_64 | 1.5 | 28.99 | 144.07 | 173.06 | OK | |
r-release-macos-arm64 | 1.5 | 15.00 | 64.00 | 79.00 | OK | |
r-release-macos-x86_64 | 1.5 | 28.00 | 115.00 | 143.00 | OK | |
r-release-windows-x86_64 | 1.5 | 38.00 | 174.00 | 212.00 | OK | |
r-oldrel-macos-arm64 | 1.5 | 16.00 | 66.00 | 82.00 | OK | |
r-oldrel-macos-x86_64 | 1.5 | 36.00 | 136.00 | 172.00 | OK | |
r-oldrel-windows-x86_64 | 1.5 | 50.00 | 207.00 | 257.00 | OK |
Version: 1.5
Check: HTML version of manual
Result: NOTE
Found the following HTML validation problems:
anchorTime.html:70:1 (anchorTime.Rd:17): Warning: missing </ul> before </div>
armaGen.html:75:1 (armaGen.Rd:19): Warning: missing </ul> before </div>
autoPlot.html:95:1 (autoPlot.Rd:24): Warning: missing </ul> before </div>
clipIt.html:66:1 (clipIt.Rd:16): Warning: missing </ul> before </div>
constantSedrate.html:66:1 (constantSedrate.Rd:16): Warning: missing </ul> before </div>
flip.html:59:1 (flip.Rd:15): Warning: missing </ul> before </div>
freq2sedrate.html:62:1 (freq2sedrate.Rd:15): Warning: missing </ul> before </div>
getColor.html:46:1 (getColor.Rd:11): Warning: missing </ul> before </div>
getData.html:49:1 (getData.Rd:15): Warning: missing </ul> before </div>
headn.html:46:1 (headn.Rd:11): Warning: missing </ul> before </div>
linterp.html:66:1 (linterp.Rd:16): Warning: missing </ul> before </div>
pad.html:58:1 (pad.Rd:14): Warning: missing </ul> before </div>
pl.html:74:1 (pl.Rd:18): Warning: missing </ul> before </div>
plS.html:50:1 (plS.Rd:12): Warning: missing </ul> before </div>
repl0.html:58:1 (repl0.Rd:15): Warning: missing </ul> before </div>
replEps.html:58:1 (replEps.Rd:14): Warning: missing </ul> before </div>
resample.html:62:1 (resample.Rd:15): Warning: missing </ul> before </div>
rmNA.html:54:1 (rmNA.Rd:14): Warning: missing </ul> before </div>
s.html:54:1 (s.Rd:13): Warning: missing </ul> before </div>
sedrate2time.html:62:1 (sedrate2time.Rd:15): Warning: missing </ul> before </div>
sortNave.html:70:1 (sortNave.Rd:17): Warning: missing </ul> before </div>
tones.html:55:1 (tones.Rd:14): Warning: missing </ul> before </div>
writeCSV.html:50:1 (writeCSV.Rd:12): Warning: missing </ul> before </div>
writeT.html:50:1 (writeT.Rd:12): Warning: missing </ul> before </div>
zoomIn.html:80:1 (zoomIn.Rd:21): Warning: missing </ul> before </div>
Flavors: r-devel-linux-x86_64-debian-clang, r-devel-linux-x86_64-debian-gcc