Last updated on 2025-07-04 09:49:45 CEST.
Flavor | Version | Tinstall | Tcheck | Ttotal | Status | Flags |
---|---|---|---|---|---|---|
r-devel-linux-x86_64-debian-clang | 1.0.1 | 56.40 | 438.89 | 495.29 | OK | |
r-devel-linux-x86_64-debian-gcc | 1.0.1 | 43.39 | 317.47 | 360.86 | OK | |
r-devel-linux-x86_64-fedora-clang | 1.0.1 | 808.70 | OK | |||
r-devel-linux-x86_64-fedora-gcc | 1.0.1 | 760.12 | OK | |||
r-devel-windows-x86_64 | 1.0.1 | 62.00 | 371.00 | 433.00 | OK | |
r-patched-linux-x86_64 | 1.0.1 | 51.53 | 420.59 | 472.12 | OK | |
r-release-linux-x86_64 | 1.0.1 | 54.87 | 407.32 | 462.19 | OK | |
r-release-macos-arm64 | 1.0.1 | 226.00 | OK | |||
r-release-macos-x86_64 | 1.0.1 | 282.00 | OK | |||
r-release-windows-x86_64 | 1.0.1 | 63.00 | 366.00 | 429.00 | OK | |
r-oldrel-macos-arm64 | 1.0.1 | 191.00 | NOTE | |||
r-oldrel-macos-x86_64 | 1.0.1 | 297.00 | NOTE | |||
r-oldrel-windows-x86_64 | 1.0.1 | 78.00 | 478.00 | 556.00 | NOTE |
Version: 1.0.1
Check: installed package size
Result: NOTE
installed size is 5.9Mb
sub-directories of 1Mb or more:
data 1.0Mb
doc 4.0Mb
Flavors: r-oldrel-macos-arm64, r-oldrel-macos-x86_64, r-oldrel-windows-x86_64