Last updated on 2025-10-21 09:48:25 CEST.
Flavor | Version | Tinstall | Tcheck | Ttotal | Status | Flags |
---|---|---|---|---|---|---|
r-devel-linux-x86_64-debian-clang | 0.1.2 | 10.40 | 82.81 | 93.21 | OK | |
r-devel-linux-x86_64-debian-gcc | 0.1.2 | 7.65 | 59.32 | 66.97 | NOTE | |
r-devel-linux-x86_64-fedora-clang | 0.1.2 | 140.14 | OK | |||
r-devel-linux-x86_64-fedora-gcc | 0.1.2 | 146.89 | OK | |||
r-devel-windows-x86_64 | 0.1.2 | 12.00 | 85.00 | 97.00 | OK | |
r-patched-linux-x86_64 | 0.1.2 | 10.47 | 76.26 | 86.73 | OK | |
r-release-linux-x86_64 | 0.1.2 | 9.95 | 75.82 | 85.77 | OK | |
r-release-macos-arm64 | 0.1.2 | 50.00 | OK | |||
r-release-macos-x86_64 | 0.1.2 | 88.00 | OK | |||
r-release-windows-x86_64 | 0.1.2 | 11.00 | 87.00 | 98.00 | OK | |
r-oldrel-macos-arm64 | 0.1.2 | 57.00 | OK | |||
r-oldrel-macos-x86_64 | 0.1.2 | 93.00 | OK | |||
r-oldrel-windows-x86_64 | 0.1.2 | 15.00 | 107.00 | 122.00 | OK |
Version: 0.1.2
Check: HTML version of manual
Result: NOTE
Found the following HTML validation problems:
AutomatedTest.html:479:1 (AutomatedTest.Rd:255): Warning: missing </ul> before </div>
AutomatedTest.html:128:1 (AutomatedTest.Rd:57): Warning: <h5> anchor "Usage" already defined
AutomatedTest.html:152:1 (AutomatedTest.Rd:71): Warning: <h5> anchor "Usage" already defined
AutomatedTest.html:158:1 (AutomatedTest.Rd:75): Warning: <h5> anchor "Returns" already defined
AutomatedTest.html:175:1 (AutomatedTest.Rd:84): Warning: <h5> anchor "Usage" already defined
AutomatedTest.html:181:1 (AutomatedTest.Rd:88): Warning: <h5> anchor "Returns" already defined
AutomatedTest.html:198:1 (AutomatedTest.Rd:97): Warning: <h5> anchor "Usage" already defined
AutomatedTest.html:204:1 (AutomatedTest.Rd:101): Warning: <h5> anchor "Returns" already defined
AutomatedTest.html:224:1 (AutomatedTest.Rd:113): Warning: <h5> anchor "Usage" already defined
AutomatedTest.html:230:1 (AutomatedTest.Rd:117): Warning: <h5> anchor "Arguments" already defined
AutomatedTest.html:243:1 (AutomatedTest.Rd:124): Warning: <h5> anchor "Returns" already defined
AutomatedTest.html:260:1 (AutomatedTest.Rd:133): Warning: <h5> anchor "Usage" already defined
AutomatedTest.html:266:1 (AutomatedTest.Rd:137): Warning: <h5> anchor "Returns" already defined
AutomatedTest.html:283:1 (AutomatedTest.Rd:146): Warning: <h5> anchor "Usage" already defined
AutomatedTest.html:289:1 (AutomatedTest.Rd:150): Warning: <h5> anchor "Returns" already defined
AutomatedTest.html:306:1 (AutomatedTest.Rd:159): Warning: <h5> anchor "Usage" already defined
AutomatedTest.html:312:1 (AutomatedTest.Rd:163): Warning: <h5> anchor "Returns" already defined
AutomatedTest.html:329:1 (AutomatedTest.Rd:172): Warning: <h5> anchor "Usage" already defined
AutomatedTest.html:335:1 (AutomatedTest.Rd:176): Warning: <h5> anchor "Returns" already defined
AutomatedTest.html:352:1 (AutomatedTest.Rd:185): Warning: <h5> anchor "Usage" already defined
AutomatedTest.html:358:1 (AutomatedTest.Rd:189): Warning: <h5> anchor "Returns" already defined
AutomatedTest.html:375:1 (AutomatedTest.Rd:198): Warning: <h5> anchor "Usage" already defined
AutomatedTest.html:381:1 (AutomatedTest.Rd:202): Warning: <h5> anchor "Returns" already defined
AutomatedTest.html:417:1 (AutomatedTest.Rd:221): Warning: <h5> anchor "Usage" already defined
AutomatedTest.html:423:1 (AutomatedTest.Rd:225): Warning: <h5> anchor "Returns" already defined
AutomatedTest.html:440:1 (AutomatedTest.Rd:234): Warning: <h5> anchor "Usage" already defined
AutomatedTest.html:456:1 (AutomatedTest.Rd:244): Warning: <h5> anchor "Usage" already defined
AutomatedTest.html:462:1 (AutomatedTest.Rd:248): Warning: <h5> anchor "Arguments" already defined
Flavor: r-devel-linux-x86_64-debian-gcc