Last updated on 2025-10-22 09:50:27 CEST.
Flavor | Version | Tinstall | Tcheck | Ttotal | Status | Flags |
---|---|---|---|---|---|---|
r-devel-linux-x86_64-debian-clang | 0.1.4 | 1.86 | 22.65 | 24.51 | NOTE | |
r-devel-linux-x86_64-debian-gcc | 0.1.4 | 1.46 | 19.07 | 20.53 | NOTE | |
r-devel-linux-x86_64-fedora-clang | 0.1.4 | 34.61 | OK | |||
r-devel-linux-x86_64-fedora-gcc | 0.1.4 | 33.53 | OK | |||
r-devel-windows-x86_64 | 0.1.4 | 6.00 | 58.00 | 64.00 | OK | |
r-patched-linux-x86_64 | 0.1.4 | 1.91 | 20.86 | 22.77 | OK | |
r-release-linux-x86_64 | 0.1.4 | 1.78 | 20.54 | 22.32 | OK | |
r-release-macos-arm64 | 0.1.4 | 1.00 | 28.00 | 29.00 | OK | |
r-release-macos-x86_64 | 0.1.4 | 2.00 | 27.00 | 29.00 | OK | |
r-release-windows-x86_64 | 0.1.4 | 6.00 | 59.00 | 65.00 | OK | |
r-oldrel-macos-arm64 | 0.1.4 | 1.00 | 20.00 | 21.00 | OK | |
r-oldrel-macos-x86_64 | 0.1.4 | 2.00 | 23.00 | 25.00 | OK | |
r-oldrel-windows-x86_64 | 0.1.4 | 6.00 | 64.00 | 70.00 | OK |
Version: 0.1.4
Check: CRAN incoming feasibility
Result: NOTE
Maintainer: ‘Antoine Sachet <antoine.sac@gmail.com>’
Package CITATION file contains call(s) to old-style personList() or
as.personList(). Please use c() on person objects instead.
Package CITATION file contains call(s) to old-style citEntry(). Please
use bibentry() instead.
Flavors: r-devel-linux-x86_64-debian-clang, r-devel-linux-x86_64-debian-gcc