Last updated on 2025-07-04 09:49:45 CEST.
Flavor | Version | Tinstall | Tcheck | Ttotal | Status | Flags |
---|---|---|---|---|---|---|
r-devel-linux-x86_64-debian-clang | 1.0.1 | 651.63 | 488.35 | 1139.98 | OK | |
r-devel-linux-x86_64-debian-gcc | 1.0.1 | 549.82 | 385.63 | 935.45 | OK | |
r-devel-linux-x86_64-fedora-clang | 1.0.1 | 1653.76 | NOTE | |||
r-devel-linux-x86_64-fedora-gcc | 1.0.1 | 2062.10 | NOTE | |||
r-devel-windows-x86_64 | 1.0.1 | 620.00 | 529.00 | 1149.00 | OK | |
r-patched-linux-x86_64 | 1.0.1 | 713.06 | 522.58 | 1235.64 | OK | |
r-release-linux-x86_64 | 1.0.1 | 689.03 | 516.65 | 1205.68 | OK | |
r-release-macos-arm64 | 1.0.1 | 458.00 | OK | |||
r-release-macos-x86_64 | 1.0.1 | 598.00 | OK | |||
r-release-windows-x86_64 | 1.0.1 | 619.00 | 532.00 | 1151.00 | OK | |
r-oldrel-macos-arm64 | 1.0.1 | 241.00 | NOTE | |||
r-oldrel-macos-x86_64 | 1.0.1 | 282.00 | NOTE | |||
r-oldrel-windows-x86_64 | 1.0.1 | 733.00 | 675.00 | 1408.00 | NOTE |
Version: 1.0.1
Check: dependencies in R code
Result: NOTE
Namespaces in Imports field not imported from:
‘RcppParallel’ ‘rstantools’
All declared Imports should be used.
Flavors: r-devel-linux-x86_64-fedora-clang, r-devel-linux-x86_64-fedora-gcc
Version: 1.0.1
Check: installed package size
Result: NOTE
installed size is 103.3Mb
sub-directories of 1Mb or more:
libs 101.5Mb
Flavors: r-oldrel-macos-arm64, r-oldrel-macos-x86_64, r-oldrel-windows-x86_64
Version: 1.0.1
Check: for GNU extensions in Makefiles
Result: NOTE
GNU make is a SystemRequirements.
Flavors: r-oldrel-macos-arm64, r-oldrel-macos-x86_64