Last updated on 2025-10-22 09:50:27 CEST.
Flavor | Version | Tinstall | Tcheck | Ttotal | Status | Flags |
---|---|---|---|---|---|---|
r-devel-linux-x86_64-debian-clang | 1.3.4 | 647.79 | 384.98 | 1032.77 | NOTE | |
r-devel-linux-x86_64-debian-gcc | 1.3.4 | 528.67 | 312.86 | 841.53 | NOTE | |
r-devel-linux-x86_64-fedora-clang | 1.3.4 | 2640.00 | -1045.80 | 1594.20 | OK | |
r-devel-linux-x86_64-fedora-gcc | 1.3.4 | 1680.00 | 172.38 | 1852.38 | OK | |
r-devel-windows-x86_64 | 1.3.4 | 605.00 | 439.00 | 1044.00 | OK | |
r-patched-linux-x86_64 | 1.3.4 | 689.09 | 431.35 | 1120.44 | OK | |
r-release-linux-x86_64 | 1.3.4 | 684.51 | 431.86 | 1116.37 | OK | |
r-release-macos-arm64 | 1.3.4 | 243.00 | 166.00 | 409.00 | OK | |
r-release-macos-x86_64 | 1.3.4 | 550.00 | 435.00 | 985.00 | OK | |
r-release-windows-x86_64 | 1.3.4 | 596.00 | 434.00 | 1030.00 | OK | |
r-oldrel-macos-arm64 | 1.3.4 | 211.00 | 107.00 | 318.00 | NOTE | |
r-oldrel-macos-x86_64 | 1.3.4 | 243.00 | 164.00 | 407.00 | NOTE | |
r-oldrel-windows-x86_64 | 1.3.4 | 727.00 | 568.00 | 1295.00 | NOTE |
Version: 1.3.4
Check: HTML version of manual
Result: NOTE
Found the following HTML validation problems:
is_converged.html:56:1 (is_converged.Rd:15): Warning: missing </ul> before </div>
Flavors: r-devel-linux-x86_64-debian-clang, r-devel-linux-x86_64-debian-gcc
Version: 1.3.4
Check: installed package size
Result: NOTE
installed size is 147.5Mb
sub-directories of 1Mb or more:
doc 1.0Mb
libs 146.0Mb
Flavors: r-oldrel-macos-arm64, r-oldrel-macos-x86_64, r-oldrel-windows-x86_64
Version: 1.3.4
Check: for GNU extensions in Makefiles
Result: NOTE
GNU make is a SystemRequirements.
Flavors: r-oldrel-macos-arm64, r-oldrel-macos-x86_64, r-oldrel-windows-x86_64