Last updated on 2025-07-04 09:49:46 CEST.
Flavor | Version | Tinstall | Tcheck | Ttotal | Status | Flags |
---|---|---|---|---|---|---|
r-devel-linux-x86_64-debian-clang | 0.3.0 | 4.01 | 127.76 | 131.77 | NOTE | |
r-devel-linux-x86_64-debian-gcc | 0.3.0 | 2.62 | 83.63 | 86.25 | NOTE | |
r-devel-linux-x86_64-fedora-clang | 0.3.0 | 214.59 | NOTE | |||
r-devel-linux-x86_64-fedora-gcc | 0.3.0 | 216.51 | NOTE | |||
r-devel-windows-x86_64 | 0.3.0 | 6.00 | 145.00 | 151.00 | NOTE | |
r-patched-linux-x86_64 | 0.3.0 | 4.18 | 120.50 | 124.68 | NOTE | |
r-release-linux-x86_64 | 0.3.0 | 3.43 | 118.28 | 121.71 | NOTE | |
r-release-macos-arm64 | 0.3.0 | 67.00 | NOTE | |||
r-release-macos-x86_64 | 0.3.0 | 136.00 | OK | |||
r-release-windows-x86_64 | 0.3.0 | 7.00 | 145.00 | 152.00 | NOTE | |
r-oldrel-macos-arm64 | 0.3.0 | 69.00 | OK | |||
r-oldrel-macos-x86_64 | 0.3.0 | 122.00 | OK | |||
r-oldrel-windows-x86_64 | 0.3.0 | 8.00 | 183.00 | 191.00 | OK |
Version: 0.3.0
Check: DESCRIPTION meta-information
Result: NOTE
Missing dependency on R >= 4.2.0 because package code uses the pipe
placeholder syntax added in R 4.2.0.
File(s) using such syntax:
‘boot_bw.R’ ‘boot_bw_estimate.R’ ‘post_strat_estimation.R’
Flavors: r-devel-linux-x86_64-debian-clang, r-devel-linux-x86_64-debian-gcc, r-devel-linux-x86_64-fedora-clang, r-devel-linux-x86_64-fedora-gcc, r-devel-windows-x86_64, r-patched-linux-x86_64, r-release-linux-x86_64, r-release-macos-arm64, r-release-windows-x86_64