Last updated on 2025-10-22 09:50:27 CEST.
Flavor | Version | Tinstall | Tcheck | Ttotal | Status | Flags |
---|---|---|---|---|---|---|
r-devel-linux-x86_64-debian-clang | 0.3.2 | 2.13 | 38.39 | 40.52 | NOTE | |
r-devel-linux-x86_64-debian-gcc | 0.3.2 | 2.10 | 30.09 | 32.19 | NOTE | |
r-devel-linux-x86_64-fedora-clang | 0.3.2 | 15.00 | 48.37 | 63.37 | NOTE | |
r-devel-linux-x86_64-fedora-gcc | 0.3.2 | 57.60 | NOTE | |||
r-devel-windows-x86_64 | 0.3.2 | 4.00 | 58.00 | 62.00 | NOTE | |
r-patched-linux-x86_64 | 0.3.2 | 3.73 | 34.63 | 38.36 | NOTE | |
r-release-linux-x86_64 | 0.3.2 | 3.33 | 34.76 | 38.09 | NOTE | |
r-release-macos-arm64 | 0.3.2 | 2.00 | 22.00 | 24.00 | NOTE | |
r-release-macos-x86_64 | 0.3.2 | 4.00 | 48.00 | 52.00 | NOTE | |
r-release-windows-x86_64 | 0.3.2 | 7.00 | 59.00 | 66.00 | NOTE | |
r-oldrel-macos-arm64 | 0.3.2 | 2.00 | 25.00 | 27.00 | OK | |
r-oldrel-macos-x86_64 | 0.3.2 | 3.00 | 33.00 | 36.00 | OK | |
r-oldrel-windows-x86_64 | 0.3.2 | 6.00 | 71.00 | 77.00 | OK |
Version: 0.3.2
Check: DESCRIPTION meta-information
Result: NOTE
Missing dependency on R >= 4.2.0 because package code uses the pipe
placeholder syntax added in R 4.2.0.
File(s) using such syntax:
‘fitting.R’
Flavors: r-devel-linux-x86_64-debian-clang, r-devel-linux-x86_64-debian-gcc, r-devel-linux-x86_64-fedora-clang, r-devel-linux-x86_64-fedora-gcc, r-devel-windows-x86_64, r-patched-linux-x86_64, r-release-linux-x86_64, r-release-macos-arm64, r-release-windows-x86_64
Version: 0.3.2
Check: DESCRIPTION meta-information
Result: NOTE
Missing dependency on R >= 4.1.0 because package code uses the pipe
|> or function shorthand \(...) syntax added in R 4.1.0.
File(s) using such syntax:
‘fitting.R’ ‘fivetrial.R’ ‘mcq.R’ ‘utils.R’
Flavor: r-release-macos-x86_64