Last updated on 2025-10-21 09:48:26 CEST.
Flavor | Version | Tinstall | Tcheck | Ttotal | Status | Flags |
---|---|---|---|---|---|---|
r-devel-linux-x86_64-debian-clang | 0.3.2 | 6.69 | 105.80 | 112.49 | OK | |
r-devel-linux-x86_64-debian-gcc | 0.3.2 | 4.40 | 75.96 | 80.36 | NOTE | |
r-devel-linux-x86_64-fedora-clang | 0.3.2 | 180.48 | OK | |||
r-devel-linux-x86_64-fedora-gcc | 0.3.2 | 179.19 | OK | |||
r-devel-windows-x86_64 | 0.3.2 | 9.00 | 102.00 | 111.00 | OK | |
r-patched-linux-x86_64 | 0.3.2 | 6.71 | 100.42 | 107.13 | OK | |
r-release-linux-x86_64 | 0.3.2 | 5.52 | 100.79 | 106.31 | OK | |
r-release-macos-arm64 | 0.3.2 | 47.00 | OK | |||
r-release-macos-x86_64 | 0.3.2 | 91.00 | OK | |||
r-release-windows-x86_64 | 0.3.2 | 10.00 | 102.00 | 112.00 | OK | |
r-oldrel-macos-arm64 | 0.3.2 | 50.00 | OK | |||
r-oldrel-macos-x86_64 | 0.3.2 | 96.00 | OK | |||
r-oldrel-windows-x86_64 | 0.3.2 | 10.00 | 129.00 | 139.00 | OK |
Version: 0.3.2
Check: HTML version of manual
Result: NOTE
Found the following HTML validation problems:
add_rank.html:51:1 (add_rank.Rd:12): Warning: missing </ul> before </div>
bootstrap_dist.html:65:1 (bootstrap_dist.Rd:19): Warning: missing </ul> before </div>
bstrap_sample.html:69:1 (bstrap_sample.Rd:21): Warning: missing </ul> before </div>
conf_intervals.html:59:1 (conf_intervals.Rd:16): Warning: missing </ul> before </div>
dot_plot.html:53:1 (dot_plot.Rd:12): Warning: missing </ul> before </div>
factorise_cols.html:52:1 (factorise_cols.Rd:12): Warning: missing </ul> before </div>
group_means.html:52:1 (group_means.Rd:12): Warning: missing </ul> before </div>
group_ns.html:52:1 (group_ns.Rd:12): Warning: missing </ul> before </div>
tech_rep_dot_plot.html:61:1 (tech_rep_dot_plot.Rd:16): Warning: missing </ul> before </div>
Flavor: r-devel-linux-x86_64-debian-gcc