Last updated on 2025-10-22 09:50:27 CEST.
Flavor | Version | Tinstall | Tcheck | Ttotal | Status | Flags |
---|---|---|---|---|---|---|
r-devel-linux-x86_64-debian-clang | 0.8.2 | 4.65 | 82.73 | 87.38 | NOTE | |
r-devel-linux-x86_64-debian-gcc | 0.8.2 | 4.16 | 58.10 | 62.26 | NOTE | |
r-devel-linux-x86_64-fedora-clang | 0.8.2 | 32.00 | 107.54 | 139.54 | OK | |
r-devel-linux-x86_64-fedora-gcc | 0.8.2 | 13.00 | 129.82 | 142.82 | OK | |
r-devel-windows-x86_64 | 0.8.2 | 8.00 | 126.00 | 134.00 | OK | |
r-patched-linux-x86_64 | 0.8.2 | 7.54 | 77.89 | 85.43 | OK | |
r-release-linux-x86_64 | 0.8.2 | 6.10 | 78.33 | 84.43 | OK | |
r-release-macos-arm64 | 0.8.2 | 2.00 | 53.00 | 55.00 | OK | |
r-release-macos-x86_64 | 0.8.2 | 8.00 | 87.00 | 95.00 | OK | |
r-release-windows-x86_64 | 0.8.2 | 8.00 | 128.00 | 136.00 | OK | |
r-oldrel-macos-arm64 | 0.8.2 | 3.00 | 41.00 | 44.00 | OK | |
r-oldrel-macos-x86_64 | 0.8.2 | 4.00 | 91.00 | 95.00 | OK | |
r-oldrel-windows-x86_64 | 0.8.2 | 10.00 | 141.00 | 151.00 | OK |
Version: 0.8.2
Check: HTML version of manual
Result: NOTE
Found the following HTML validation problems:
reference.ET.html:116:1 (reference.ET.Rd:54): Warning: missing </ul> before </div>
Flavors: r-devel-linux-x86_64-debian-clang, r-devel-linux-x86_64-debian-gcc