Last updated on 2025-07-04 09:49:46 CEST.
Flavor | Version | Tinstall | Tcheck | Ttotal | Status | Flags |
---|---|---|---|---|---|---|
r-devel-linux-x86_64-debian-clang | 4.6.4 | 58.26 | 41.87 | 100.13 | OK | |
r-devel-linux-x86_64-debian-gcc | 4.6.4 | 47.35 | 32.98 | 80.33 | OK | |
r-devel-linux-x86_64-fedora-clang | 4.6.4 | 161.85 | OK | |||
r-devel-linux-x86_64-fedora-gcc | 4.6.4 | 191.24 | OK | |||
r-devel-windows-x86_64 | 4.6.4 | 86.00 | 89.00 | 175.00 | OK | |
r-patched-linux-x86_64 | 4.6.4 | 67.52 | 38.96 | 106.48 | OK | |
r-release-linux-x86_64 | 4.6.4 | 67.90 | 39.39 | 107.29 | OK | |
r-release-macos-arm64 | 4.6.4 | 51.00 | OK | |||
r-release-macos-x86_64 | 4.6.4 | 94.00 | OK | |||
r-release-windows-x86_64 | 4.6.4 | 86.00 | 85.00 | 171.00 | OK | |
r-oldrel-macos-arm64 | 4.6.4 | 47.00 | NOTE | |||
r-oldrel-macos-x86_64 | 4.6.4 | 86.00 | NOTE | |||
r-oldrel-windows-x86_64 | 4.6.4 | 88.00 | 100.00 | 188.00 | OK |
Version: 4.6.4
Check: installed package size
Result: NOTE
installed size is 7.3Mb
sub-directories of 1Mb or more:
libs 6.8Mb
Flavors: r-oldrel-macos-arm64, r-oldrel-macos-x86_64