Last updated on 2025-07-04 09:49:46 CEST.
Flavor | Version | Tinstall | Tcheck | Ttotal | Status | Flags |
---|---|---|---|---|---|---|
r-devel-linux-x86_64-debian-clang | 1.12.18 | 161.03 | 378.67 | 539.70 | OK | |
r-devel-linux-x86_64-debian-gcc | 1.12.18 | 114.16 | 269.38 | 383.54 | OK | |
r-devel-linux-x86_64-fedora-clang | 1.12.18 | 910.53 | OK | |||
r-devel-linux-x86_64-fedora-gcc | 1.12.18 | 911.96 | OK | |||
r-devel-windows-x86_64 | 1.12.18 | 249.00 | 361.00 | 610.00 | OK | |
r-patched-linux-x86_64 | 1.12.18 | 162.14 | 375.18 | 537.32 | OK | |
r-release-linux-x86_64 | 1.12.18 | 153.15 | 369.49 | 522.64 | OK | |
r-release-macos-arm64 | 1.12.18 | 220.00 | OK | |||
r-release-macos-x86_64 | 1.12.18 | 639.00 | OK | |||
r-release-windows-x86_64 | 1.12.18 | 266.00 | 374.00 | 640.00 | OK | |
r-oldrel-macos-arm64 | 1.12.18 | 232.00 | NOTE | |||
r-oldrel-macos-x86_64 | 1.12.18 | 396.00 | NOTE | |||
r-oldrel-windows-x86_64 | 1.12.18 | 299.00 | 527.00 | 826.00 | OK |
Version: 1.12.18
Check: installed package size
Result: NOTE
installed size is 9.7Mb
sub-directories of 1Mb or more:
libs 8.3Mb
Flavors: r-oldrel-macos-arm64, r-oldrel-macos-x86_64