Last updated on 2025-10-22 09:50:28 CEST.
Flavor | Version | Tinstall | Tcheck | Ttotal | Status | Flags |
---|---|---|---|---|---|---|
r-devel-linux-x86_64-debian-clang | 0.0.7 | 1.95 | 60.50 | 62.45 | NOTE | |
r-devel-linux-x86_64-debian-gcc | 0.0.7 | 2.06 | 45.66 | 47.72 | NOTE | |
r-devel-linux-x86_64-fedora-clang | 0.0.7 | 10.00 | 74.34 | 84.34 | OK | |
r-devel-linux-x86_64-fedora-gcc | 0.0.7 | 92.84 | OK | |||
r-devel-windows-x86_64 | 0.0.7 | 7.00 | 93.00 | 100.00 | OK | |
r-patched-linux-x86_64 | 0.0.7 | 2.26 | 58.40 | 60.66 | OK | |
r-release-linux-x86_64 | 0.0.7 | 2.53 | 58.08 | 60.61 | OK | |
r-release-macos-arm64 | 0.0.7 | 2.00 | 51.00 | 53.00 | OK | |
r-release-macos-x86_64 | 0.0.7 | 2.00 | 74.00 | 76.00 | OK | |
r-release-windows-x86_64 | 0.0.7 | 5.00 | 99.00 | 104.00 | OK | |
r-oldrel-macos-arm64 | 0.0.7 | 2.00 | 39.00 | 41.00 | OK | |
r-oldrel-macos-x86_64 | 0.0.7 | 3.00 | 76.00 | 79.00 | OK | |
r-oldrel-windows-x86_64 | 0.0.7 | 6.00 | 100.00 | 106.00 | OK |
Version: 0.0.7
Check: CRAN incoming feasibility
Result: NOTE
Maintainer: ‘Dirk Eddelbuettel <edd@debian.org>’
No Authors@R field in DESCRIPTION.
Please add one, modifying
Authors@R: c(person(given = "Dirk",
family = "Eddelbuettel",
role = c("aut", "cre"),
email = "edd@debian.org"),
person(given = "Ista",
family = "Zahn",
role = "aut"),
person(given = "Rob",
family = "Hyndman",
role = "aut"))
as necessary.
Flavors: r-devel-linux-x86_64-debian-clang, r-devel-linux-x86_64-debian-gcc