Last updated on 2025-10-22 09:50:28 CEST.
Flavor | Version | Tinstall | Tcheck | Ttotal | Status | Flags |
---|---|---|---|---|---|---|
r-devel-linux-x86_64-debian-clang | 2.4-5 | 51.66 | 188.50 | 240.16 | NOTE | |
r-devel-linux-x86_64-debian-gcc | 2.4-5 | 36.36 | 120.45 | 156.81 | NOTE | |
r-devel-linux-x86_64-fedora-clang | 2.4-5 | 212.00 | 198.22 | 410.22 | OK | |
r-devel-linux-x86_64-fedora-gcc | 2.4-5 | 106.00 | 278.34 | 384.34 | OK | |
r-devel-windows-x86_64 | 2.4-5 | 58.00 | 238.00 | 296.00 | OK | |
r-patched-linux-x86_64 | 2.4-5 | 57.97 | 180.19 | 238.16 | OK | |
r-release-linux-x86_64 | 2.4-5 | 51.46 | 178.79 | 230.25 | OK | |
r-release-macos-arm64 | 2.4-5 | 22.00 | 73.00 | 95.00 | OK | |
r-release-macos-x86_64 | 2.4-5 | 40.00 | 234.00 | 274.00 | OK | |
r-release-windows-x86_64 | 2.4-5 | 57.00 | 249.00 | 306.00 | OK | |
r-oldrel-macos-arm64 | 2.4-5 | 20.00 | 72.00 | 92.00 | NOTE | |
r-oldrel-macos-x86_64 | 2.4-5 | 29.00 | 231.00 | 260.00 | NOTE | |
r-oldrel-windows-x86_64 | 2.4-5 | 65.00 | 301.00 | 366.00 | OK |
Version: 2.4-5
Check: HTML version of manual
Result: NOTE
Found the following HTML validation problems:
hmmer.html:229:1 (hmmer.Rd:134): Warning: <h3> anchor "_sec_note" already defined
Flavors: r-devel-linux-x86_64-debian-clang, r-devel-linux-x86_64-debian-gcc
Version: 2.4-5
Check: installed package size
Result: NOTE
installed size is 6.7Mb
sub-directories of 1Mb or more:
R 1.0Mb
libs 3.0Mb
Flavors: r-oldrel-macos-arm64, r-oldrel-macos-x86_64