CRAN Package Check Results for Package blob

Last updated on 2025-10-22 09:50:28 CEST.

Flavor Version Tinstall Tcheck Ttotal Status Flags
r-devel-linux-x86_64-debian-clang 1.2.4 2.84 28.25 31.09 NOTE
r-devel-linux-x86_64-debian-gcc 1.2.4 1.91 23.14 25.05 NOTE
r-devel-linux-x86_64-fedora-clang 1.2.4 13.00 35.85 48.85 OK
r-devel-linux-x86_64-fedora-gcc 1.2.4 44.69 OK
r-devel-windows-x86_64 1.2.4 4.00 45.00 49.00 OK
r-patched-linux-x86_64 1.2.4 2.83 27.04 29.87 OK
r-release-linux-x86_64 1.2.4 2.88 26.56 29.44 OK
r-release-macos-arm64 1.2.4 2.00 17.00 19.00 OK
r-release-macos-x86_64 1.2.4 3.00 34.00 37.00 OK
r-release-windows-x86_64 1.2.4 5.00 47.00 52.00 OK
r-oldrel-macos-arm64 1.2.4 1.00 17.00 18.00 OK
r-oldrel-macos-x86_64 1.2.4 2.00 23.00 25.00 OK
r-oldrel-windows-x86_64 1.2.4 5.00 53.00 58.00 OK

Check Details

Version: 1.2.4
Check: HTML version of manual
Result: NOTE Found the following HTML validation problems: as.blob.html:55:1 (as.blob.Rd:12): Warning: missing </ul> before </div> vec_cast.blob.html:57:1 (vec_cast.blob.Rd:16): Warning: missing </ul> before </div> vec_ptype2.blob.html:57:1 (vec_ptype2.blob.Rd:16): Warning: missing </ul> before </div> Flavors: r-devel-linux-x86_64-debian-clang, r-devel-linux-x86_64-debian-gcc