Last updated on 2025-10-22 09:50:28 CEST.
Flavor | Version | Tinstall | Tcheck | Ttotal | Status | Flags |
---|---|---|---|---|---|---|
r-devel-linux-x86_64-debian-clang | 1.21 | 5.34 | 37.04 | 42.38 | NOTE | |
r-devel-linux-x86_64-debian-gcc | 1.21 | 3.07 | 27.26 | 30.33 | NOTE | |
r-devel-linux-x86_64-fedora-clang | 1.21 | 20.00 | 46.29 | 66.29 | OK | |
r-devel-linux-x86_64-fedora-gcc | 1.21 | 14.00 | 46.61 | 60.61 | OK | |
r-devel-windows-x86_64 | 1.21 | 8.00 | 53.00 | 61.00 | OK | |
r-patched-linux-x86_64 | 1.21 | 5.51 | 34.23 | 39.74 | OK | |
r-release-linux-x86_64 | 1.21 | 4.95 | 34.55 | 39.50 | OK | |
r-release-macos-arm64 | 1.21 | 3.00 | 23.00 | 26.00 | OK | |
r-release-macos-x86_64 | 1.21 | 5.00 | 38.00 | 43.00 | OK | |
r-release-windows-x86_64 | 1.21 | 6.00 | 54.00 | 60.00 | OK | |
r-oldrel-macos-arm64 | 1.21 | 2.00 | 23.00 | 25.00 | OK | |
r-oldrel-macos-x86_64 | 1.21 | 7.00 | 53.00 | 60.00 | OK | |
r-oldrel-windows-x86_64 | 1.21 | 10.00 | 65.00 | 75.00 | OK |
Version: 1.21
Check: HTML version of manual
Result: NOTE
Found the following HTML validation problems:
build_dir.html:58:1 (build_dir.Rd:17): Warning: missing </ul> before </div>
edit_draft.html:48:1 (edit_draft.Rd:10): Warning: missing </ul> before </div>
install_theme.html:88:1 (install_theme.Rd:41): Warning: missing </ul> before </div>
Flavors: r-devel-linux-x86_64-debian-clang, r-devel-linux-x86_64-debian-gcc