CRAN Package Check Results for Package bltm

Last updated on 2025-07-04 09:49:46 CEST.

Flavor Version Tinstall Tcheck Ttotal Status Flags
r-devel-linux-x86_64-debian-clang 0.1.0 2.21 22.52 24.73 NOTE
r-devel-linux-x86_64-debian-gcc 0.1.0 1.68 18.38 20.06 NOTE
r-devel-linux-x86_64-fedora-clang 0.1.0 34.82 OK
r-devel-linux-x86_64-fedora-gcc 0.1.0 35.51 OK
r-devel-windows-x86_64 0.1.0 3.00 39.00 42.00 OK
r-patched-linux-x86_64 0.1.0 1.68 20.19 21.87 NOTE
r-release-linux-x86_64 0.1.0 2.07 19.62 21.69 NOTE
r-release-macos-arm64 0.1.0 21.00 OK
r-release-macos-x86_64 0.1.0 29.00 OK
r-release-windows-x86_64 0.1.0 4.00 41.00 45.00 OK
r-oldrel-macos-arm64 0.1.0 16.00 NOTE
r-oldrel-macos-x86_64 0.1.0 22.00 NOTE
r-oldrel-windows-x86_64 0.1.0 4.00 51.00 55.00 NOTE

Check Details

Version: 0.1.0
Check: for unstated dependencies in ‘demo’
Result: NOTE '::' or ':::' imports not declared from: ‘abind’ ‘abjutils’ ‘bayesplot’ ‘devtools’ ‘dplyr’ ‘fs’ ‘furrr’ ‘knitr’ ‘purrr’ ‘readr’ ‘stringr’ ‘tibble’ ‘tidyr’ 'library' or 'require' calls not declared from: ‘future’ ‘tidyverse’ Flavors: r-devel-linux-x86_64-debian-clang, r-devel-linux-x86_64-debian-gcc, r-patched-linux-x86_64, r-release-linux-x86_64

Version: 0.1.0
Check: LazyData
Result: NOTE 'LazyData' is specified without a 'data' directory Flavors: r-oldrel-macos-arm64, r-oldrel-macos-x86_64, r-oldrel-windows-x86_64