Last updated on 2025-10-22 09:50:28 CEST.
Flavor | Version | Tinstall | Tcheck | Ttotal | Status | Flags |
---|---|---|---|---|---|---|
r-devel-linux-x86_64-debian-clang | 0.4.1 | 7.60 | 68.18 | 75.78 | NOTE | |
r-devel-linux-x86_64-debian-gcc | 0.4.1 | 5.50 | 50.67 | 56.17 | NOTE | |
r-devel-linux-x86_64-fedora-clang | 0.4.1 | 27.00 | 89.00 | 116.00 | OK | |
r-devel-linux-x86_64-fedora-gcc | 0.4.1 | 14.00 | 94.57 | 108.57 | OK | |
r-devel-windows-x86_64 | 0.4.1 | 9.00 | 80.00 | 89.00 | OK | |
r-patched-linux-x86_64 | 0.4.1 | 7.50 | 63.76 | 71.26 | OK | |
r-release-linux-x86_64 | 0.4.1 | 7.28 | 63.33 | 70.61 | OK | |
r-release-macos-arm64 | 0.4.1 | 4.00 | 32.00 | 36.00 | OK | |
r-release-macos-x86_64 | 0.4.1 | 7.00 | 63.00 | 70.00 | OK | |
r-release-windows-x86_64 | 0.4.1 | 9.00 | 82.00 | 91.00 | OK | |
r-oldrel-macos-arm64 | 0.4.1 | 5.00 | 40.00 | 45.00 | OK | |
r-oldrel-macos-x86_64 | 0.4.1 | 12.00 | 61.00 | 73.00 | OK | |
r-oldrel-windows-x86_64 | 0.4.1 | 13.00 | 100.00 | 113.00 | OK |
Version: 0.4.1
Check: HTML version of manual
Result: NOTE
Found the following HTML validation problems:
s3_delete.html:46:1 (s3_delete.Rd:10): Warning: missing </ul> before </div>
Flavors: r-devel-linux-x86_64-debian-clang, r-devel-linux-x86_64-debian-gcc