CRAN Package Check Results for Package brulee

Last updated on 2025-07-03 09:50:37 CEST.

Flavor Version Tinstall Tcheck Ttotal Status Flags
r-devel-linux-x86_64-debian-clang 0.5.0 13.17 6.77 19.94 ERROR
r-devel-linux-x86_64-debian-gcc 0.5.0 10.27 5.25 15.52 ERROR
r-devel-linux-x86_64-fedora-clang 0.5.0 1466.28 OK
r-devel-linux-x86_64-fedora-gcc 0.5.0 1404.11 OK
r-devel-windows-x86_64 0.5.0 14.00 418.00 432.00 OK
r-patched-linux-x86_64 0.5.0 12.40 5.23 17.63 ERROR
r-release-linux-x86_64 0.5.0 13.30 4.84 18.14 ERROR
r-release-macos-arm64 0.5.0 273.00 OK
r-release-macos-x86_64 0.5.0 603.00 OK
r-release-windows-x86_64 0.5.0 15.00 437.00 452.00 OK
r-oldrel-macos-arm64 0.5.0 379.00 OK
r-oldrel-macos-x86_64 0.5.0 855.00 OK
r-oldrel-windows-x86_64 0.5.0 21.00 736.00 757.00 OK

Check Details

Version: 0.5.0
Check: whether the package can be loaded
Result: ERROR Loading this package had a fatal error status code 1 Loading log: Error: package or namespace load failed for ‘brulee’: .onLoad failed in loadNamespace() for 'torch', details: call: inst_path() error: torch cannot write into '/home/hornik/tmp/R.check/r-devel-clang/Work/build/Packages/torch/'. Execution halted Flavor: r-devel-linux-x86_64-debian-clang

Version: 0.5.0
Check: whether the package can be loaded
Result: ERROR Loading this package had a fatal error status code 1 Loading log: Error: package or namespace load failed for ‘brulee’: .onLoad failed in loadNamespace() for 'torch', details: call: inst_path() error: torch cannot write into '/home/hornik/tmp/R.check/r-devel-gcc/Work/build/Packages/torch/'. Execution halted Flavor: r-devel-linux-x86_64-debian-gcc

Version: 0.5.0
Check: whether the package can be loaded
Result: ERROR Loading this package had a fatal error status code 1 Loading log: Error: package or namespace load failed for ‘brulee’: .onLoad failed in loadNamespace() for 'torch', details: call: inst_path() error: torch cannot write into '/home/hornik/tmp/R.check/r-patched-gcc/Work/build/Packages/torch/'. Execution halted Flavor: r-patched-linux-x86_64

Version: 0.5.0
Check: whether the package can be loaded
Result: ERROR Loading this package had a fatal error status code 1 Loading log: Error: package or namespace load failed for ‘brulee’: .onLoad failed in loadNamespace() for 'torch', details: call: inst_path() error: torch cannot write into '/home/hornik/tmp/R.check/r-release-gcc/Work/build/Packages/torch/'. Execution halted Flavor: r-release-linux-x86_64